{"text_format":"1","workbook":"xlsx","n_sheets":10,"sheets":["COVER","Page 1 - Introduction","Page 2 - User Instructions","Page 3 - Front Page Letter","Page 4 - NOCC Detail","Lookups","Customer List","Template","FY26 Staging","temp6"],"not_rendered":{"charts":0,"images":4,"macros":1,"external_links":9,"defined_names":761,"comments":0,"pivot_tables":0},"unopened":[],"bounds":{"document_bytes":16777216,"sheet_cells":100000,"rows_first":2000,"rows_last":500,"rows_between":2000,"halvings":0,"cell_chars":16384,"cell_head_chars":4096},"cells_cut":0,"cells_raw":0,"read":"whole","date_system":"1900"}

{"sheet":"COVER","index":0,"n_rows":785,"n_cols":2,"rows_kept":785,"cut":false,"hidden":false,"merged":[]}
[]
[]
[]
[]
[]
[]
[]
[]
[]
[]
[]
[]
[]
[]
[]
[]
[]
[]
[]
[]
[]
[]
[]
[]
[]
[]
[]
[]
[]
[]
[]
[]
[]
[]
[]
[]
[]
[]
[]
[]
[]
[]
[]
[]
[]
[]
[]
[]
[]
[]
[]
[]
[]
[]
[]
[]
[]
[]
[]
[]
[]
[]
[]
[]
[]
[]
[]
[null,"This page was left intentionally blank."]
[]
[]
[]
[]
[]
[]
[]
[]
[]
[]
[]
[]
[]
[]
[]
[]
[]
[]
[]
[]
[]
[]
[]
[]
[]
[]
[]
[]
[]
[]
[]
[]
[]
[]
[]
[]
[]
[]
[]
[]
[]
[]
[]
[]
[]
[]
[]
[]
[]
[]
[]
[]
[]
[]
[]
[]
[]
[]
[]
[]
[]
[]
[]
[]
[]
[]
[]
[]
[]
[]
[]
[]
[]
[]
[]
[]
[]
[]
[]
[]
[]
[]
[]
[]
[]
[]
[]
[]
[]
[]
[]
[]
[]
[]
[]
[]
[]
[]
[]
[]
[]
[]
[]
[]
[]
[]
[]
[]
[]
[]
[]
[]
[]
[]
[]
[]
[]
[]
[]
[]
[]
[]
[]
[]
[]
[]
[]
[]
[]
[]
[]
[]
[]
[]
[]
[]
[]
[]
[]
[]
[]
[]
[]
[]
[]
[]
[]
[]
[]
[]
[]
[]
[]
[]
[]
[]
[]
[]
[]
[]
[]
[]
[]
[]
[]
[]
[]
[]
[]
[]
[]
[]
[]
[]
[]
[]
[]
[]
[]
[]
[]
[]
[]
[]
[]
[]
[]
[]
[]
[]
[]
[]
[]
[]
[]
[]
[]
[]
[]
[]
[]
[]
[]
[]
[]
[]
[]
[]
[]
[]
[]
[]
[]
[]
[]
[]
[]
[]
[]
[]
[]
[]
[]
[]
[]
[]
[]
[]
[]
[]
[]
[]
[]
[]
[]
[]
[]
[]
[]
[]
[]
[]
[]
[]
[]
[]
[]
[]
[]
[]
[]
[]
[]
[]
[]
[]
[]
[]
[]
[]
[]
[]
[]
[]
[]
[]
[]
[]
[]
[]
[]
[]
[]
[]
[]
[]
[]
[]
[]
[]
[]
[]
[]
[]
[]
[]
[]
[]
[]
[]
[]
[]
[]
[]
[]
[]
[]
[]
[]
[]
[]
[]
[]
[]
[]
[]
[]
[]
[]
[]
[]
[]
[]
[]
[]
[]
[]
[]
[]
[]
[]
[]
[]
[]
[]
[]
[]
[]
[]
[]
[]
[]
[]
[]
[]
[]
[]
[]
[]
[]
[]
[]
[]
[]
[]
[]
[]
[]
[]
[]
[]
[]
[]
[]
[]
[]
[]
[]
[]
[]
[]
[]
[]
[]
[]
[]
[]
[]
[]
[]
[]
[]
[]
[]
[]
[]
[]
[]
[]
[]
[]
[]
[]
[]
[]
[]
[]
[]
[]
[]
[]
[]
[]
[]
[]
[]
[]
[]
[]
[]
[]
[]
[]
[]
[]
[]
[]
[]
[]
[]
[]
[]
[]
[]
[]
[]
[]
[]
[]
[]
[]
[]
[]
[]
[]
[]
[]
[]
[]
[]
[]
[]
[]
[]
[]
[]
[]
[]
[]
[]
[]
[]
[]
[]
[]
[]
[]
[]
[]
[]
[]
[]
[]
[]
[]
[]
[]
[]
[]
[]
[]
[]
[]
[]
[]
[]
[]
[]
[]
[]
[]
[]
[]
[]
[]
[]
[]
[]
[]
[]
[]
[]
[]
[]
[]
[]
[]
[]
[]
[]
[]
[]
[]
[]
[]
[]
[]
[]
[]
[]
[]
[]
[]
[]
[]
[]
[]
[]
[]
[]
[]
[]
[]
[]
[]
[]
[]
[]
[]
[]
[]
[]
[]
[]
[]
[]
[]
[]
[]
[]
[]
[]
[]
[]
[]
[]
[]
[]
[]
[]
[]
[]
[]
[]
[]
[]
[]
[]
[]
[]
[]
[]
[]
[]
[]
[]
[]
[]
[]
[]
[]
[]
[]
[]
[]
[]
[]
[]
[]
[]
[]
[]
[]
[]
[]
[]
[]
[]
[]
[]
[]
[]
[]
[]
[]
[]
[]
[]
[]
[]
[]
[]
[]
[]
[]
[]
[]
[]
[]
[]
[]
[]
[]
[]
[]
[]
[]
[]
[]
[]
[]
[]
[]
[]
[]
[]
[]
[]
[]
[]
[]
[]
[]
[]
[]
[]
[]
[]
[]
[]
[]
[]
[]
[]
[]
[]
[]
[]
[]
[]
[]
[]
[]
[]
[]
[]
[]
[]
[]
[]
[]
[]
[]
[]
[]
[]
[]
[]
[]
[]
[]
[]
[]
[]
[]
[]
[]
[]
[]
[]
[]
[]
[]
[]
[]
[]
[]
[]
[]
[]
[]
[]
[]
[]
[]
[]
[]
[]
[]
[]
[]
[]
[]
[]
[]
[]
[]
[]
[]
[]
[]
[]
[]
[]
[]
[]
[]
[]
[]
[]
[]
[]
[]
[]
[]
[]
["Rate Code"]

{"sheet":"Page 1 - Introduction","index":1,"n_rows":33,"n_cols":2,"rows_kept":33,"cut":false,"hidden":false,"merged":[[18,0,18,1]]}
[]
["Public Lighting Design"]
[{"$f":"'Page 3 - Front Page Letter'!A6","v":"Version: July 2025"}]
[]
["Notification of change in charges (NOCC)"]
[]
[]
[]
["Brief guide to the Excel document:"]
[]
[1,"This document is provided to enable Project Managers and Accredited Service Providers with a means to:"]
[]
[2,"Calculate the change in SLUoS charges to end customers of Public Lighting assets;"]
[]
[3,"Calculate the TARIFF CLASS 5 charges applicable to assets removed; and,"]
[]
[4,"Provide printable schedules that can be published to end customers for sign and return."]
[]
["The first page also contains a link to Published Public Lighting Schedules on Endeavour Energy’s website (Our Network / Streetlights & Nightwatch)"]
[]
[]
[]
["The document contains seven (6) pages:"]
[]
["Page 1","Introduction"]
[]
["Page 2","User instructions"]
[]
["Page 3","Front page letter"]
[]
["Page 4","Tariff class details"]
[]
["Page 7","HYBRID Rates"]

{"sheet":"Page 2 - User Instructions","index":2,"n_rows":71,"n_cols":8,"rows_kept":71,"cut":false,"hidden":false,"merged":[[43,0,43,7],[52,0,52,1],[51,0,51,7],[48,0,48,7],[47,0,47,7],[46,0,46,7],[42,0,42,7],[41,0,41,7],[38,0,38,7],[37,0,37,7],[1,0,1,8],[2,0,2,8]]}
[]
["NOTIFICATION of CHANGE in CHARGES (NOCC)"]
["User Instructions"]
["Purpose","This document is provided to enable:"]
[null,1,"Project Managers and Accredited Service Providers with a means to "]
[null,2,"Calculate the change in SLUOS charges to end customers of Public Lighting assets and"]
[null,3,"Calculate the TARIFF CLASS 5 charges applicable to assets removed and provide"]
[null,4,"Printable schedules that can be published to end customers for sign & return"]
[]
["Resources","Published Public Lighting Price Schedules"]
[]
["User Instruction Sheet"]
[]
[null,"Asset Removal / Replacement",null,null,"Asset Installations",null,null,"Completing the Letter"]
[]
["Tarriff Class Details","If assets are being removed / replaced",null,"Tarriff Class Details","If assets are being installed",null,"Front Page","Choose Council from pull down menu - cell A14"]
[null,"Click insert rows for the number of rows required",null,null,"Click insert rows for the number of rows required",null,null,"Council address and contact will populate automatically."]
[null,"Complete column A,C & D & E  - C = Removed, E = Commission date (or felled date if not known, or <1980 if not known), each component requires a separate row",null,null,"Complete column A,C & D & E  - C = Installed, E is year to be installed",null,"Optional","Otherwise overwrite manually"]
[null,"Annual charges removed calculates automatically - otherwise press F9.",null,null,"Annual charges removed calculates automatically - otherwise press F9.",null,"Optional","Choose macro \"restore Council auto-complete\" to reset formulas to auto-complete - this will overwrite existing data"]
[]
[null,"TARIFF CLASS 5 charges are calculated automatically - otherwise press F9",null,null,null,null,null,"Highlighted areas are editable - highlighting can be removed or restored using the macros provided."]
[null,"Sub-Totals will automatically transfer to:",null,null,"Sub-Totals will automatically transfer to:"]
[null,"Front Page",null,null,"Front Page",null,null,"Complete Project Number, Project Description, Drawing Number, Your Ref - if applicable"]
[]
[null,null,null,null,null,null,null,"Project Number and Project Description are transferred automatically to each of the detail sheets (TC 1 & 2, TC 3 & 4 and TC 6)"]
[]
[null,null,null,null,null,null,null,"Page 2 is a summary of data and provides for sign-off to be returned."]
[]
[null,null,null,null,null,null,null,"Note: if developer agrees to pay Tariff Class 5, they must complete the optional sign off box at the bottom of Page 3 - Front Page Letter."]
[]
[]
[]
[]
[]
[]
["TARIFF CLASSES"]
["LEGACY Rates – Tariff Class 1 & 2"]
["Assets constructed* up to (and including) 30 June 2009 will be charged in the same manner as the previous determination period, adjusted in accordance with the AER’s determination.  Adjustments have been made both for inflation and redistribution of the existing asset base across the asset classes in a way which more closely reflects the age of each asset class."]
["These rates are a continuation of rates previously listed under Schedule 1 & 2 and will no longer be available for assets constructed* from 1 July 2009."]
[]
["ANNUITY Rates – Tariff Class 3 & 4"]
["Applies to assets constructed* on or after 1 July 2009 and are cost reflective rates, recovered over the life of the asset."]
["Tariff Class 3 rates apply where IE provides installation capital."]
["Tariff Class 4 rates apply where IE does not fund the installation and the contestable assets are gifted to IE."]
[]
["RESIDUAL Capital Value – Tariff Class 5"]
["Applies where Endeavour has funded the capital, but the asset is replaced at the request of the customer before the end of its economic life. "]
["Using the AER’s approved method, the Tariff charge is calculated at the time of agreement using the replaced asset’s weighted average remaining life. "]
["The charge is paid at the time of replacement. "]
[]
["MAINTENANCE Only Rates – Unregulated Tariff Class"]
["In addition to the five (5) Tariff Classes detailed above, the Unregulated Tariff Class will apply where customers request limited maintenance only services to non-standard public lighting assets that they own and are responsible for. The rates are cost reflective for luminaire only requirements."]
["These rates were previously listed under Schedule 3."]
[]
["LEGEND"]
["INC","Incandescent"]
["FL","Flourescent"]
["CFL","Compact Flourescent"]
["M or MF","Mercury"]
["MH","Metal Halide"]
["SHP or HPS","High Pressure Sodium"]
["SLP or LPS","Low Pressure Sodium"]
["COL","Column (Steel)"]
["WP","Pole (Wood)"]
["F/L","Flood Light"]
["A/S","Aero Screen"]
["LEGACY","Applies to assets constructed prior to 1 July 2009 (Tariff Class 1 & 2)"]
["ANNUITY","Applies to assets constructed after 30 June 2009 (Tariff Class 3 & 4)"]
["IE","Endeavour Energy owns the asset (Tariff Class 1 & 3)"]
["Gifted","Customer buys asset and \"gifts\" it to Endeavour Energy (Tariff Class 2 & 4)"]
["CUST","Customer buys and owns asset (Tariff Class: Unregulated)"]

{"sheet":"Page 3 - Front Page Letter","index":3,"n_rows":242,"n_cols":8,"rows_kept":242,"cut":false,"hidden":false,"merged":[[112,1,112,4],[29,0,29,1],[36,0,48,5],[67,0,67,5],[84,0,84,1],[87,0,87,5],[88,0,88,5],[95,1,95,4],[98,1,98,4],[102,0,102,5],[103,0,103,5],[106,1,106,4]]}
[]
[]
[]
[]
[]
["Version: July 2025"]
[null,"Project Number",null,null,null,null,"Highlighted sections should be completed"]
["PROJECT DESCRIPTION:","(Project Description)"]
["Drawing No:",1234567]
["YOUR REF:",1234567]
[]
[]
[]
["City of Parramatta"]
[{"$f":"VLOOKUP(A14,'Customer List'!A:D,2,FALSE)","v":"PO Box 32"}]
[{"$f":"VLOOKUP(A14,'Customer List'!A:D,3,FALSE)","v":"PARRAMATTA   NSW   2150"}]
[]
[{"$f":"TODAY()","v":"2025-07-21"}]
[]
["CHANGE IN PUBLIC LIGHTING SLUOS CHARGES"]
[]
["Tariff Class",null,null,null,"Net Change in Annual Charges (incl GST)","TARIFF CLASS 5 Charges (Residual Asset Value)"]
["1. LEGACY - Capital funded by Endeavour","Removed / Replaced",null,null,{"$f":"SUMIF('Page 4 - NOCC Detail'!B:B,MID(A23,1,1),'Page 4 - NOCC Detail'!H:H)","v":0},{"$f":"SUMIF('Page 4 - NOCC Detail'!B:B,MID(A23,1,1),'Page 4 - NOCC Detail'!K:K)","v":0}]
["2. LEGACY - Capital NOT funded by Endeavour","Removed / Replaced",null,null,{"$f":"SUMIF('Page 4 - NOCC Detail'!B:B,MID(A24,1,1),'Page 4 - NOCC Detail'!H:H)","v":0},{"$f":"SUMIF('Page 4 - NOCC Detail'!B:B,MID(A24,1,1),'Page 4 - NOCC Detail'!K:K)","v":0}]
["3. ANNUITY - Capital funded by Endeavour","to be installed/(replaced)",null,null,{"$f":"SUMIF('Page 4 - NOCC Detail'!B:B,MID(A25,1,1),'Page 4 - NOCC Detail'!H:H)","v":0},{"$f":"SUMIF('Page 4 - NOCC Detail'!B:B,MID(A25,1,1),'Page 4 - NOCC Detail'!K:K)","v":0}]
["4. ANNUITY - Capital NOT funded by Endeavour","to be installed/(replaced)",null,null,{"$f":"SUMIF('Page 4 - NOCC Detail'!B:B,MID(A26,1,1),'Page 4 - NOCC Detail'!H:H)","v":0},{"$f":"SUMIF('Page 4 - NOCC Detail'!B:B,MID(A26,1,1),'Page 4 - NOCC Detail'!K:K)","v":0}]
["6. Unregulated:CUSTOMER OWNED","Net Installations",null,null,{"$f":"SUMIF('Page 4 - NOCC Detail'!B:B,MID(A27,1,1),'Page 4 - NOCC Detail'!H:H)","v":0},{"$f":"SUMIF('Page 4 - NOCC Detail'!B:B,MID(A27,1,1),'Page 4 - NOCC Detail'!K:K)","v":0}]
["NET CHANGE in ANNUAL TARIFFS (incl GST)",null,null,null,{"$f":"SUM(E23:E27)","v":0},null,{"$f":"E28*2-SUM('Page 4 - NOCC Detail'!H:H)","v":0},{"$f":"IF(G28<>0,\"Tariff Class 5 Total Charge error - please check worksheet\",\"\")","v":""}]
[]
["ADDITIONAL: TARIFF CLASS 5 CHARGES",null,null,null,null,{"$f":"SUM(F23:F27)","v":0},{"$f":"F30*2-SUM('Page 4 - NOCC Detail'!K:K)","v":0},{"$f":"IF(G30<>0,\"Tariff Class 5 Total Charge error - please check worksheet\",\"\")","v":""}]
["One off charge paid at time of asset removal / replacement"]
["Applies to assets removed prior to the end of their useful life - single charge paid on removal."]
[]
[]
[]
["NOTES"]
[]
[]
[]
[]
[]
[]
[]
[]
[]
[]
[]
[]
[]
[]
["VALIDITY"]
["These rates will remain in force for 60 days."]
["At the expiry of 60 days from the date of this letter, rates may be amended to the rates in force at that time."]
[]
[]
["Yours faithfully,"]
[null,"Project / Manager - Designer"]
[null,"Title"]
[null,"Contact Details"]
[]
[]
[]
[]
[]
[]
[]
[null,null,null,null,null,null,"signature page for customer"]
["NOTIFICATION of CHANGE in CHARGES"]
[]
[{"$f":"A7","v":0},{"$f":"B7","v":"Project Number"}]
["PROJECT DESCRIPTION:",{"$f":"$B$8","v":"(Project Description)"}]
["CUSTOMER:",{"$f":"Name","v":"City of Parramatta"}]
[{"$f":"A9","v":"Drawing No:"},1234567]
["YOUR REF:",1234567]
[]
[{"$f":"A20","v":"CHANGE IN PUBLIC LIGHTING SLUOS CHARGES"}]
[{"$f":"A22","v":"Tariff Class"},0,0,0,"Net Change in Annual Charges (incl GST)","TARIFF CLASS 5 Charges (Residual Asset Value)"]
["1. LEGACY - Capital funded by Endeavour","Removed / Replaced",0,0,0,0]
["2. LEGACY - Capital NOT funded by Endeavour","Removed / Replaced",0,0,0,0]
["3. ANNUITY - Capital funded by Endeavour","to be installed/(replaced)",0,0,0,0]
["4. ANNUITY - Capital NOT funded by Endeavour","to be installed/(replaced)",0,0,0,0]
["6. Unregulated:CUSTOMER OWNED","Net Installations",0,0,0,0]
[{"$f":"A28","v":"NET CHANGE in ANNUAL TARIFFS (incl GST)"},null,null,null,{"$f":"E28","v":0},{"$f":"F28","v":0}]
[{"$f":"A29","v":0},null,null,null,{"$f":"E29","v":0},{"$f":"F29","v":0}]
[{"$f":"A30","v":"ADDITIONAL: TARIFF CLASS 5 CHARGES"},null,null,null,null,{"$f":"F30","v":0}]
[{"$f":"A31","v":"One off charge paid at time of asset removal / replacement"},null,null,null,null,{"$f":"F31","v":0}]
[]
["The proposed change in Public Lighting charges described above are approved by:"]
["to be signed by duly authorised officer of the customer"]
[]
[]
[]
["Signed:"]
[]
[]
["Name:"]
[]
[]
["Date:"]
[]
[]
[]
["If payment of Tariff Class 5 charges is to be made by developer, please complete below:"]
[]
["Note: Please do not pay Tariff Class 5 charges until the design has been certified and Endeavour Energy issues a Payment Advice/"]
["           Pro Forma Invoice for the required amount after validation.  Payment is only required when you have decided to construct the works."]
["Developer Name"]
["Developer Address"]
["Street / PO Box"]
["City"]
["State"]
["Post Code"]
["Developer ABN"]
[]
[]
["Signed by Developer:"]
[]
[]
["Signatory Name:"]
[]
[]
["Date:"]
[]
["Note: Council remains liable for Tariff Class 5 charges, if developer fails to pay invoice will be recovered against council."]
[]
[]
[]
[]
[]
[]
[]
[]
[]
[]
[]
[]
[]
[]
[]
[]
[]
[]
[]
[]
[]
[]
[]
[]
[]
[]
[]
[]
[]
[]
[]
[]
[]
[]
[]
[]
[]
[]
[]
[]
[]
[]
[]
[]
[]
[]
[]
[]
[]
[]
[]
[]
[]
[]
[]
[]
[]
[]
[]
[]
[]
[]
[]
[]
[]
[]
[]
[]
[]
[]
[]
[]
[]
[]
[]
[]
[]
[]
[]
[]
[]
[]
[]
[]
[{"$f":"'Customer List'!A2","v":"Bankstown City Council                  "}]
[{"$f":"'Customer List'!#REF!","v":{"$error":"#REF!"}}]
[{"$f":"'Customer List'!A3","v":"Blacktown City Council                  "}]
[{"$f":"'Customer List'!A4","v":"Blue Mountains City Council             "}]
[{"$f":"'Customer List'!A6","v":"Campbelltown City Council               "}]
[{"$f":"'Customer List'!A7","v":"Council of the City of Shellharbour "}]
[{"$f":"'Customer List'!A9","v":"Bathurst Regional Council"}]
[{"$f":"'Customer List'!A10","v":"Fairfield City Council                  "}]
[{"$f":"'Customer List'!A11","v":"Hawkesbury City Council                 "}]
[{"$f":"'Customer List'!A12","v":"HMAS Albatross (Department of Defence)"}]
[{"$f":"'Customer List'!#REF!","v":{"$error":"#REF!"}}]
[{"$f":"'Customer List'!A8","v":"Cumberland City Council"}]
[{"$f":"'Customer List'!A13","v":"Hornsby City Council"}]
[{"$f":"'Customer List'!A14","v":"Kiama Municipal Council                 "}]
[{"$f":"'Customer List'!A15","v":"Lithgow City Council"}]
[{"$f":"'Customer List'!A16","v":"Liverpool City Council                  "}]
[{"$f":"'Customer List'!A17","v":"Mid Western Regional Council"}]
[{"$f":"'Customer List'!A18","v":"NSW Maritime Property Divisions"}]
[{"$f":"'Customer List'!A19","v":"City of Parramatta"}]
[{"$f":"'Customer List'!A20","v":"Penrith City Council                    "}]
[{"$f":"'Customer List'!A21","v":"Port Kembla Operations Pty Ltd"}]
[{"$f":"'Customer List'!A22","v":"RTA, Traffic Asset Services (Corrimal)"}]
[{"$f":"'Customer List'!A23","v":"RTA, Traffic Asset Services\n(M7)"}]
[{"$f":"'Customer List'!A24","v":"RTA, Traffic Asset Services\n(Parkes)"}]
[{"$f":"'Customer List'!A25","v":"RTA, Traffic Asset Services\n(National Highway)"}]
[{"$f":"'Customer List'!A26","v":"RTA, Traffic Asset Services\n(State Roads)"}]
[{"$f":"'Customer List'!A27","v":"RTA (Unmetered Lighting)"}]
[{"$f":"'Customer List'!A28","v":"Ryde City Council                  "}]
[{"$f":"'Customer List'!A29","v":"Shoalhaven City Council                 "}]
[{"$f":"'Customer List'!A30","v":"Sydney Catchment Authority"}]
[{"$f":"'Customer List'!A5","v":"Camden City Council"}]
[{"$f":"'Customer List'!A32","v":"The Department of Lands"}]
[{"$f":"'Customer List'!A33","v":"Wingecarribee Shire Council             "}]
[{"$f":"'Customer List'!A34","v":"Wollondilly Shire Council               "}]

{"sheet":"Page 4 - NOCC Detail","index":4,"n_rows":10,"n_cols":12,"rows_kept":10,"cut":false,"hidden":false,"merged":[[2,0,2,7],[4,2,4,4]]}
[]
["Endeavour Energy"]
["Public lighting tariffs effective from 1 July 2025",null,null,null,null,null,null,null,null,"Luminaire only"]
[]
["CUSTOMER: ",null,{"$f":"'Page 3 - Front Page Letter'!A14","v":"City of Parramatta"},"Bankstown City Council                  ","Bankstown City Council                  ",null,"PROJECT NUMBER:",{"$f":"'Page 3 - Front Page Letter'!B7","v":"Project Number"},null,"Luminaire & Support"]
[]
["Tariff Code: Description","Tariff Class","Installed/\nRemoved","Vertical Support Asset Number\n(Pole/Col/URD\n  If known )","Commisioned Date\n(select \"< 1987\" if unknown)","Annual\nCharges  \n$ Ex GST","GST $","Annual \nCharges  \n$ incl GST","Tariff Class 5 Charges\n$ ex GST","GST $","Tariff Class 5 Charges\n $ incl GST","Comments"]
[null,{"$f":"IF(ISBLANK(A8),\"\",VLOOKUP(A8,Lookups!$H$1:$I$399,2,FALSE))","v":""},null,null,null,{"$f":"IF(ISBLANK(A8),\"\",IF(C8=\"Removed\",-1,1)*SUMIF(Lookups!H:H,A8,Lookups!J:J))","v":""},{"$f":"IF(ISBLANK(A8),\"\",F8*0.1)","v":""},{"$f":"IF(ISBLANK(A8),\"\",G8+F8)","v":""},{"$f":"IF(OR(ISBLANK(A8),ISBLANK(C8),C8=\"Installed\"), \"\", IFERROR(VLOOKUP(A8, Lookups!H:AU, IF( OR(B8=1,B8=2), 4, VLOOKUP('Page 4 - NOCC Detail'!E8, Lookups!A:B, 2, FALSE) +3), FALSE), 0))","v":""},{"$f":"IF(I8=\"\",\"\",I8*0.1)","v":""},{"$f":"IF(I8=\"\",\"\",J8+I8)","v":""}]
[]
["Total",null,null,null,null,null,null,{"$f":"SUM(H8:H9)","v":0},null,null,{"$f":"SUM(K8:K9)","v":0}]

{"sheet":"Lookups","index":5,"n_rows":399,"n_cols":52,"rows_kept":399,"cut":false,"hidden":false,"merged":[]}
["Year",null,null,null,"Installed/Removed",13,"1 x 20 W Fluorescent","13: 1 x 20 W Fluorescent",1,50.98,4]
["<1988",38,{"$f":"1","v":1},null,"Installed",14,"2 x 20 W Fluorescent","14: 2 x 20 W Fluorescent",1,50.98,0]
[1989,37,{"$f":"C2+1","v":2},null,"Removed",18,"1 x 40 W Fluorescent","18: 1 x 40 W Fluorescent",1,50.98,10.039999999999999]
[1990,36,3,null,null,19,"2 x 40 W Fluorescent","19: 2 x 40 W Fluorescent",1,52.63,0]
[1991,35,4,null,null,20,"2 x 40 W Fluorescent","20: 2 x 40 W Fluorescent",1,52.63,0]
[1992,34,5,null,null,25,"400 W Sodium","25: 400 W Sodium",1,52.75,0]
[1993,33,6,null,null,30,"250W Mercury","30: 250W Mercury",1,53.47,2]
[1994,32,7,null,null,31,"400 W Mercury","31: 400 W Mercury",1,53.47,2.29]
[1995,31,8,null,null,33,"100W Sodium","33: 100W Sodium",1,53.34,0]
[1996,30,9,null,null,34,"90W Sodium","34: 90W Sodium",1,53.34,0]
[1997,29,10,null,null,35,"250W Sodium","35: 250W Sodium",1,54.97,0]
[1998,28,11,null,null,36,"400 W Sodium","36: 400 W Sodium",1,52.75,0]
[1999,27,12,null,null,38,"250W Sodium","38: 250W Sodium",1,54.97,3.18]
[2000,26,13,null,null,39,"310W Sodium","39: 310W Sodium",1,52.75,0]
[2001,25,14,null,null,40,"400 W Sodium","40: 400 W Sodium",1,52.75,0]
[2002,24,15,null,null,45,"400 W Sodium","45: 400 W Sodium",1,52.75,0]
[2003,23,16,null,null,53,"250W Sodium","53: 250W Sodium",1,54.97,0]
[2004,22,17,null,null,55,"250W Sodium","55: 250W Sodium",1,54.97,3.18]
[2005,21,18,null,null,56,"310W Sodium","56: 310W Sodium",1,52.75,0]
[2006,20,19,null,null,57,"400 W Sodium","57: 400 W Sodium",1,52.75,0]
[2007,19,20,null,null,60,"2 x 250W Mercury","60: 2 x 250W Mercury",1,69.52,0]
[2008,18,21,null,null,63,"1 x 40 W Fluorescent","63: 1 x 40 W Fluorescent",1,50.98,10.039999999999999]
[2009,17,22,null,null,70,"1 x 40 W Fluorescent","70: 1 x 40 W Fluorescent",1,50.98,10.039999999999999]
[2010,16,23,null,null,75,"2 x 40 W Fluorescent","75: 2 x 40 W Fluorescent",1,52.63,0]
[2011,15,24,null,null,88,"4 x 600W Sodium","88: 4 x 600W Sodium",1,67.400000000000006,0]
[2012,14,25,null,null,93,"80W Mercury","93: 80W Mercury",1,50.56,1.45]
[2013,13,26,null,null,94,"125W Mercury","94: 125W Mercury",1,53.47,1.87]
[2014,12,27,null,null,95,"250W Mercury","95: 250W Mercury",1,53.47,2]
[2015,11,28,null,null,96,"400 W Mercury","96: 400 W Mercury",1,53.47,2.29]
[2016,10,29,null,null,97,"125W Mercury","97: 125W Mercury",1,53.47,1.87]
[2017,9,30,null,null,98,"250W Mercury","98: 250W Mercury",1,53.47,2]
[2018,8,31,null,null,99,"400 W Mercury","99: 400 W Mercury",1,53.47,2.29]
[2019,7,32,null,null,100,"2 x 250W Mercury","100: 2 x 250W Mercury",1,69.52,266.91000000000003]
[2020,6,33,null,null,101,"2 x 250W Mercury","101: 2 x 250W Mercury",1,69.52,0]
[2021,5,{"$f":"C34+1","v":34},null,null,102,"2 x 400 W Sodium","102: 2 x 400 W Sodium",1,56.16,29.29]
[2022,4,35,null,null,103,"2 x 250W Sodium","103: 2 x 250W Sodium",1,60.6,10.029999999999999]
[2023,3,36,null,null,104,"80W Mercury","104: 80W Mercury",1,50.56,1.45]
[2024,2,37,null,null,112,"2 x 20 W Fluorescent","112: 2 x 20 W Fluorescent",1,50.98,0]
[2025,1,38,null,null,114,"250W Mercury","114: 250W Mercury",1,53.47,2]
[2026,1,39,null,null,115,"400 W Mercury","115: 400 W Mercury",1,53.47,2.29]
[null,null,40,null,null,119,"250W Sodium","119: 250W Sodium",1,54.97,3.18]
[null,null,41,null,null,121,"400 W Mercury","121: 400 W Mercury",1,53.47,2.29]
[null,null,42,null,null,122,"400 W Mercury","122: 400 W Mercury",1,53.47,2.29]
[null,null,43,null,null,123,"400 W Sodium","123: 400 W Sodium",1,52.75,0]
[null,null,44,null,null,130,"400 W Sodium","130: 400 W Sodium",1,52.75,0]
[null,null,45,null,null,131,"125W Mercury","131: 125W Mercury",1,53.47,1.87]
[null,null,46,null,null,132,"250W Mercury","132: 250W Mercury",1,53.47,2]
[null,null,47,null,null,134,"250W Sodium","134: 250W Sodium",1,54.97,3.18]
[null,null,48,null,null,135,"2 x 400 W Sodium","135: 2 x 400 W Sodium",1,56.16,0]
[null,null,49,null,null,136,"2 x 400 W Sodium","136: 2 x 400 W Sodium",1,56.16,29.29]
[null,null,{"$f":"C49+1","v":49},null,null,140,"250W Sodium","140: 250W Sodium",1,54.97,3.18]
[null,null,{"$f":"C50+1","v":50},null,null,141,"250W Sodium","141: 250W Sodium",1,54.97,3.18]
[null,null,51,null,null,142,"150W Sodium","142: 150W Sodium",1,52.07,14.45]
[null,null,52,null,null,143,"150W Sodium","143: 150W Sodium",1,52.07,14.45]
[null,null,53,null,null,145,"4 x 600W Sodium","145: 4 x 600W Sodium",1,67.400000000000006,0]
[null,null,54,null,null,146,"2 x 400 W Sodium","146: 2 x 400 W Sodium",1,56.16,0]
[null,null,55,null,null,147,"80W Mercury","147: 80W Mercury",1,50.56,1.45]
[null,null,56,null,null,149,"80W Mercury","149: 80W Mercury",1,50.56,1.45]
[null,null,57,null,null,150,"120W Sodium","150: 120W Sodium",1,52.07,6.27]
[null,null,58,null,null,151,"2 x 400 W Sodium","151: 2 x 400 W Sodium",1,56.16,0]
[null,null,59,null,null,152,"2 x 400 W Sodium","152: 2 x 400 W Sodium",1,56.16,0]
[null,null,60,null,null,153,"2 x 400 W Sodium","153: 2 x 400 W Sodium",1,56.16,0]
[null,null,61,null,null,154,"250W Sodium","154: 250W Sodium",1,54.97,3.18]
[null,null,62,null,null,157,"120W Sodium","157: 120W Sodium",1,52.07,6.27]
[null,null,63,null,null,158,"125W Mercury","158: 125W Mercury",1,53.47,1.87]
[null,null,64,null,null,159,"2 x 400 W Sodium","159: 2 x 400 W Sodium",1,56.16,29.29]
[null,null,65,null,null,162,"120W Sodium","162: 120W Sodium",1,52.07,6.27]
[null,null,{"$f":"C67+1","v":66},null,null,163,"120W Sodium","163: 120W Sodium",1,52.07,6.27]
[null,null,67,null,null,167,"100W Sodium","167: 100W Sodium",1,53.34,10.62]
[null,null,68,null,null,168,"100W Sodium","168: 100W Sodium",1,53.34,10.62]
[null,null,69,null,null,169,"100W Sodium","169: 100W Sodium",1,53.34,10.62]
[null,null,70,null,null,170,"150W Sodium","170: 150W Sodium",1,52.07,14.45]
[null,null,71,null,null,171,"150W Sodium","171: 150W Sodium",1,52.07,14.45]
[null,null,72,null,null,173,"150W Sodium","173: 150W Sodium",1,52.07,14.45]
[null,null,73,null,null,177,"50W Mercury","177: 50W Mercury",1,51.41,2.46]
[null,null,74,null,null,182,"50W Sodium","182: 50W Sodium",1,53.34,47.15]
[null,null,75,null,null,183,"70W Sodium","183: 70W Sodium",1,52.13,8.27]
[null,null,76,null,null,184,"70W Sodium","184: 70W Sodium",1,52.13,8.27]
[null,null,77,null,null,185,"50W Mercury","185: 50W Mercury",1,51.41,2.46]
[null,null,78,null,null,186,"80W Mercury","186: 80W Mercury",1,50.56,1.45]
[null,null,79,null,null,187,"80W Mercury","187: 80W Mercury",1,50.56,1.45]
[null,null,80,null,null,188,"80W Mercury","188: 80W Mercury",1,50.56,1.45]
[null,null,81,null,null,190,"400 W Sodium","190: 400 W Sodium",1,52.75,0]
[null,null,82,null,null,193,"150W Sodium","193: 150W Sodium",1,52.07,14.45]
[null,null,83,null,null,194,"150W Sodium","194: 150W Sodium",1,52.07,14.45]
[null,null,84,null,null,195,"2 x 20 W Fluorescent","195: 2 x 20 W Fluorescent",1,50.98,0]
[null,null,85,null,null,196,"1000 W Metal Halide","196: 1000 W Metal Halide",1,67.400000000000006,0]
[null,null,86,null,null,197,"400 W Metal Halide","197: 400 W Metal Halide",1,54.97,12.61]
[null,null,87,null,null,198,"250 W Metal Halide","198: 250 W Metal Halide",1,55.4,60.19]
[null,null,88,null,null,199,"150 W Metal Halide","199: 150 W Metal Halide",1,56.23,346.35]
[null,null,89,null,null,211,"400 W Metal Halide","211: 400 W Metal Halide",1,54.97,12.61]
[null,null,90,null,null,212,"2 x 400 W Metal Halide","212: 2 x 400 W Metal Halide",1,115.17,547.36]
[null,null,91,null,null,213,"250 W Metal Halide","213: 250 W Metal Halide",1,55.4,60.19]
[null,null,92,null,null,214,"2 x 250 W Metal Halide","214: 2 x 250 W Metal Halide",1,92.21,285.92]
[null,null,93,null,null,215,"150 W Metal Halide","215: 150 W Metal Halide",1,56.23,346.35]
[null,null,94,null,null,216,"100 W Metal Halide","216: 100 W Metal Halide",1,59.4,44.59]
[null,null,95,null,null,217,"100 W Metal Halide","217: 100 W Metal Halide",1,59.4,44.59]
[null,null,96,null,null,218,"2 x 14 W Fluorescent","218: 2 x 14 W Fluorescent",1,50.4,48.65]
[null,null,97,null,null,219,"2 x 24 W Fluorescent","219: 2 x 24 W Fluorescent",1,50.4,0]
[null,null,{"$f":"C99+1","v":98},null,null,220,"2 x 14 W Fluorescent","220: 2 x 14 W Fluorescent",1,50.4,48.65]
[null,null,99,null,null,221,"2 x 24 W Fluorescent","221: 2 x 24 W Fluorescent",1,50.4,32.130000000000003]
[null,null,100,null,null,222,"1 x 42 W Fluorescent","222: 1 x 42 W Fluorescent",1,50.98,0]
[null,null,null,null,null,223,"1 x 42 W Fluorescent","223: 1 x 42 W Fluorescent",1,50.98,0]
[null,null,null,null,null,224,"Pole mounting bracket minor (<=3m)","224: Pole mounting bracket minor (<=3m)",1,9.9,0.36]
[null,null,null,null,null,225,"Pole mounting bracket major (>3m)","225: Pole mounting bracket major (>3m)",1,13.2,1.01]
[null,null,null,null,null,226,"Outreach Minor (<=2m)","226: Outreach Minor (<=2m)",1,12.56,0.16]
[null,null,null,null,null,227,"Outreach Major (>2m)","227: Outreach Major (>2m)",1,14.12,0.02]
[null,null,null,null,null,228,"Minor Column (<=9)","228: Minor Column (<=9)",1,23.22,63.44]
[null,null,null,null,null,229,"Major Column (>=9)","229: Major Column (>=9)",1,105.42,902.73]
[null,null,null,null,null,230,"Outreach Minor (<=2m)","230: Outreach Minor (<=2m)",1,12.56,0.16]
[null,null,null,null,null,231,"Minor Column (<=9)","231: Minor Column (<=9)",1,23.22,63.44]
[null,null,null,null,null,302,"1 x 20 W Fluorescent","302: 1 x 20 W Fluorescent",2,50.98,0]
[null,null,null,null,null,303,"1 x 40 W Fluorescent","303: 1 x 40 W Fluorescent",2,50.98,0]
[null,null,null,null,null,305,"1 x 40 W Fluorescent","305: 1 x 40 W Fluorescent",2,50.98,0]
[null,null,null,null,null,306,"2 x 40 W Fluorescent","306: 2 x 40 W Fluorescent",2,52.63,0]
[null,null,null,null,null,307,"50W Mercury","307: 50W Mercury",2,51.41,0]
[null,null,null,null,null,308,"50W Mercury","308: 50W Mercury",2,51.41,0]
[null,null,null,null,null,309,"80W Mercury","309: 80W Mercury",2,50.56,0]
[null,null,null,null,null,310,"80W Mercury","310: 80W Mercury",2,50.56,0]
[null,null,null,null,null,311,"80W Mercury","311: 80W Mercury",2,50.56,0]
[null,null,null,null,null,312,"80W Mercury","312: 80W Mercury",2,50.56,0]
[null,null,null,null,null,313,"80W Mercury","313: 80W Mercury",2,50.56,0]
[null,null,null,null,null,314,"80W Mercury","314: 80W Mercury",2,50.56,0]
[null,null,null,null,null,315,"80W Mercury","315: 80W Mercury",2,50.56,0]
[null,null,null,null,null,316,"125W Mercury","316: 125W Mercury",2,53.47,0]
[null,null,null,null,null,317,"125W Mercury","317: 125W Mercury",2,53.47,0]
[null,null,null,null,null,318,"125W Mercury","318: 125W Mercury",2,53.47,0]
[null,null,null,null,null,320,"250W Mercury","320: 250W Mercury",2,53.47,0]
[null,null,null,null,null,323,"250W Mercury","323: 250W Mercury",2,53.47,0]
[null,null,null,null,null,326,"400 W Mercury","326: 400 W Mercury",2,53.47,0]
[null,null,null,null,null,330,"400 W Mercury","330: 400 W Mercury",2,53.47,0]
[null,null,null,null,null,332,"70W Sodium","332: 70W Sodium",2,52.13,0]
[null,null,null,null,null,335,"50W Sodium","335: 50W Sodium",2,53.34,0]
[null,null,null,null,null,336,"70W Sodium","336: 70W Sodium",2,52.13,0]
[null,null,null,null,null,337,"70W Sodium","337: 70W Sodium",2,52.13,0]
[null,null,null,null,null,338,"150W Sodium","338: 150W Sodium",2,52.07,0]
[null,null,null,null,null,339,"150W Sodium","339: 150W Sodium",1,52.07,0]
[null,null,null,null,null,340,"150W Sodium","340: 150W Sodium",1,52.07,0]
[null,null,null,null,null,341,"150W Sodium","341: 150W Sodium",1,52.07,0]
[null,null,null,null,null,343,"250W Sodium","343: 250W Sodium",2,54.97,0]
[null,null,null,null,null,344,"250W Sodium","344: 250W Sodium",2,54.97,0]
[null,null,null,null,null,345,"250W Sodium","345: 250W Sodium",2,54.97,0]
[null,null,null,null,null,346,"250W Sodium","346: 250W Sodium",2,54.97,0]
[null,null,null,null,null,347,"250W Sodium","347: 250W Sodium",2,54.97,0]
[null,null,null,null,null,348,"250W Sodium","348: 250W Sodium",2,54.97,0]
[null,null,null,null,null,349,"250W Sodium","349: 250W Sodium",2,54.97,0]
[null,null,null,null,null,350,"2 x 250W Sodium","350: 2 x 250W Sodium",2,60.6,0]
[null,null,null,null,null,352,"400 W Sodium","352: 400 W Sodium",2,52.75,0]
[null,null,null,null,null,353,"400 W Sodium","353: 400 W Sodium",2,52.75,0]
[null,null,null,null,null,354,"400 W Sodium","354: 400 W Sodium",2,52.75,0]
[null,null,null,null,null,355,"400 W Sodium","355: 400 W Sodium",2,52.75,0]
[null,null,null,null,null,356,"400 W Sodium","356: 400 W Sodium",2,52.75,0]
[null,null,null,null,null,357,"400 W Sodium","357: 400 W Sodium",2,52.75,0]
[null,null,null,null,null,358,"2 x 400 W Sodium","358: 2 x 400 W Sodium",2,56.16,0]
[null,null,null,null,null,360,"2 x 400 W Sodium","360: 2 x 400 W Sodium",2,56.16,0]
[null,null,null,null,null,361,"2 x 400 W Sodium","361: 2 x 400 W Sodium",2,56.16,0]
[null,null,null,null,null,365,"150 W Metal Halide","365: 150 W Metal Halide",2,56.23,0]
[null,null,null,null,null,366,"250 W Metal Halide","366: 250 W Metal Halide",2,55.4,0]
[null,null,null,null,null,380,"100W Sodium","380: 100W Sodium",2,53.34,0]
[null,null,null,null,null,381,"100W Sodium","381: 100W Sodium",2,53.34,0]
[null,null,null,null,null,396,"400 W Metal Halide","396: 400 W Metal Halide",2,54.97,0]
[null,null,null,null,null,398,"2 x 20 W Fluorescent","398: 2 x 20 W Fluorescent",1,50.98,0]
[null,null,null,null,null,400,"150 W Metal Halide","400: 150 W Metal Halide",2,56.23,0]
[null,null,null,null,null,401,"125W Mercury","401: 125W Mercury",2,53.47,0]
[null,null,null,null,null,402,"250 W Metal Halide","402: 250 W Metal Halide",2,55.4,0]
[null,null,null,null,null,403,"2 x 250 W Metal Halide","403: 2 x 250 W Metal Halide",2,61.48,0]
[null,null,null,null,null,404,"400 W Metal Halide","404: 400 W Metal Halide",2,54.97,0]
[null,null,null,null,null,405,"2 x 400 W Metal Halide","405: 2 x 400 W Metal Halide",2,60.61,0]
[null,null,null,null,null,410,"150 W Metal Halide","410: 150 W Metal Halide",2,56.23,0]
[null,null,null,null,null,411,"100 W Metal Halide","411: 100 W Metal Halide",2,59.4,0]
[null,null,null,null,null,412,"100 W Metal Halide","412: 100 W Metal Halide",2,59.4,0]
[null,null,null,null,null,413,"2 x 14 W Fluorescent","413: 2 x 14 W Fluorescent",2,50.4,0]
[null,null,null,null,null,414,"2 x 24 W Fluorescent","414: 2 x 24 W Fluorescent",2,50.4,0]
[null,null,null,null,null,415,"2 x 14 W Fluorescent","415: 2 x 14 W Fluorescent",2,50.4,0]
[null,null,null,null,null,416,"2 x 24 W Fluorescent","416: 2 x 24 W Fluorescent",2,50.4,0]
[null,null,null,null,null,421,"1 x 42 W Fluorescent","421: 1 x 42 W Fluorescent",2,50.98,0]
[null,null,null,null,null,422,"1 x 42 W Fluorescent","422: 1 x 42 W Fluorescent",2,50.98,0]
[null,null,null,null,null,423,"Outreach Minor (<=2m)","423: Outreach Minor (<=2m)",2,12.56,0]
[null,null,null,null,null,424,"Outreach Major (>2m)","424: Outreach Major (>2m)",2,14.12,0]
[null,null,null,null,null,425,"Minor Column (<=9)","425: Minor Column (<=9)",2,18.84,0]
[null,null,null,null,null,426,"Major Column (>=9)","426: Major Column (>=9)",2,30.44,0]
[null,null,null,null,null,427,"Pole mounting bracket minor (<=3m)","427: Pole mounting bracket minor (<=3m)",2,9.9,0]
[null,null,null,null,null,428,"Pole mounting bracket major (>3m)","428: Pole mounting bracket major (>3m)",2,13.2,0]
[null,null,null,null,null,431,"24W LED STREETLED3 STD Visor S-S","431: 24W LED STREETLED3 STD Visor S-S",3,71.08,370.6,339.36,309.18,280.02,251.84,224.66,198.42,173.11,148.68,125.1,102.35,80.400000000000006,59.21,38.770000000000003,19.04,0,0,0,0,0,0,0,0,0,0,0,0,0,0,0,0,0,0,0,0,0,0]
[null,null,null,null,null,432,"17W LED STREETLED3 Aeroscreen S-S","432: 17W LED STREETLED3 Aeroscreen S-S",3,68.55,343.27,314.35000000000002,286.39999999999998,259.38,233.29,208.11,183.8,160.35,137.72,115.88,94.81,74.47,54.85,35.909999999999997,17.64,0,0,0,0,0,0,0,0,0,0,0,0,0,0,0,0,0,0,0,0,0,0,0,0,0,0,0]
[null,null,null,null,null,433,"13W LED STREETLED3 STD Visor S-S","433: 13W LED STREETLED3 STD Visor S-S",3,68.13,338.72,310.18,282.60000000000002,255.95,230.2,205.35,181.37,158.22999999999999,135.9,114.35,93.55,73.489999999999995,54.12,35.44,17.399999999999999,0,0,0,0,0,0,0,0,0,0,0,0,0,0,0,0,0,0,0,0,0,0,0,0,0,0,0]
[null,null,null,null,null,434,"9W LED STREETLED Aeroscreen S-S","434: 9W LED STREETLED Aeroscreen S-S",3,68.13,338.72,310.18,282.60000000000002,255.95,230.2,205.35,181.37,158.22999999999999,135.9,114.35,93.55,73.489999999999995,54.12,35.44,17.399999999999999,0,0,0,null,null,0,0,0,0,0,0,0,0,0,0,0,0,0,0,0,0,0]
[null,null,null,null,null,435,"17W LED Post Top B2001 S-S","435: 17W LED Post Top B2001 S-S",3,103.56,693.91,635.34,578.78,524.16999999999996,471.43,420.54,371.43,324.04000000000002,278.31,234.18,191.59,150.5,110.84,72.569999999999993,35.64,0,0,0,null,null,0,0,0,0,0,0,0,0,0,0,0,0,0,0,0,0,0]
[null,null,null,null,null,436,"28W LED Post Top B2001 S-S","436: 28W LED Post Top B2001 S-S",3,106.52,725.79,664.52,605.36,548.24,493.08,439.86,388.49,338.93,291.08999999999997,244.94,200.39,157.41,115.93,75.900000000000006,37.28,0,0,0,0,0,0,0,0,0,0,0,0,0,0,0,0,0,0,0,0,0,0,0,0]
[null,null,null,null,null,437,"18W LED Bourke Hill S-S","437: 18W LED Bourke Hill S-S",3,115.42,848.74,777.08,707.89,641.08000000000004,576.59,514.35,454.28,396.32,340.39,286.42,234.33,184.07,135.56,88.76,43.59,0,0,0,0,0,0,0,0,0,0,0,0,0,0,0,0,0,0,0,0,0,0]
[null,null,null,null,null,438,"24W LED Bourke Hill S-S","438: 24W LED Bourke Hill S-S",3,117.53,871.51,797.92,726.88,658.28,592.04999999999995,528.14,466.47,406.95,349.52,294.10000000000002,240.62,189,139.19999999999999,91.14,44.76,0,0,0,0,0,0,0,0,0,0,0,0,0,0,0,0,0,0,0,0,0,0]
[null,null,null,null,null,439,"37W LED 4K ROADLED MIDI STD Visor S-S","439: 37W LED 4K ROADLED MIDI STD Visor S-S",3,93.3,532.57000000000005,487.64,444.25,402.33,361.85,322.79000000000002,285.10000000000002,248.73,213.62,179.75,147.06,115.52,85.08,55.7,27.36,0,0,0,0,0,0,0,0,0,0,0,0,0,0,0,0,0,0,0,0,0,0]
[null,null,null,null,null,440,"40W LED 3K ROADLED MIDI STD Visor S-S","440: 40W LED 3K ROADLED MIDI STD Visor S-S",3,93.3,532.57000000000005,487.64,444.25,402.33,361.85,322.79000000000002,285.10000000000002,248.73,213.62,179.75,147.06,115.52,85.08,55.7,27.36,0,0,0,0,0,0,0,0,0,0,0,0,0,0,0,0,0,0,0,0,0,0]
[null,null,null,null,null,441,"36W LED 4K ROADLED MIDI Aeroscreen S-S","441: 36W LED 4K ROADLED MIDI Aeroscreen S-S",3,90.8,532.57000000000005,487.64,444.25,402.33,361.85,322.79000000000002,285.10000000000002,248.73,213.62,179.75,147.06,115.52,85.08,55.7,27.36,0,0,null,null,null,0,0,0,0,0,0,0,0,0,0,0,0,0,0,0,0,0]
[null,null,null,null,null,442,"39W LED 3K ROADLED MIDI Aeroscreen S-S","442: 39W LED 3K ROADLED MIDI Aeroscreen S-S",3,90.8,532.57000000000005,487.64,444.25,402.33,361.85,322.79000000000002,285.10000000000002,248.73,213.62,179.75,147.06,115.52,85.08,55.7,27.36,0,0,null,null,null,0,0,0,0,0,0,0,0,0,0,0,0,0,0,0,0,0]
[null,null,null,null,null,443,"55W LED 4K ROADLED MIDI STD Visor S-S","443: 55W LED 4K ROADLED MIDI STD Visor S-S",3,93.96,539.73,494.2,450.22,407.74,366.72,327.13,288.93,252.07,216.49,182.16,149.04,117.07,86.22,56.45,27.72,0,0,0,0,0,0,0,0,0,0,0,0,0,0,0,0,0,0,0,0,0,0]
[null,null,null,null,null,444,"61W LED 3K ROADLED MIDI STD Visor S-S","444: 61W LED 3K ROADLED MIDI STD Visor S-S",3,93.96,539.73,494.2,450.22,407.74,366.72,327.13,288.93,252.07,216.49,182.16,149.04,117.07,86.22,56.45,27.72,0,0,0,0,0,0,0,0,0,0,0,0,0,0,0,0,0,0,0,0,0,0]
[null,null,null,null,null,445,"57W LED 4K ROADLED MIDI Aeroscreen S-S","445: 57W LED 4K ROADLED MIDI Aeroscreen S-S",3,91.46,539.73,494.2,450.22,407.74,366.72,327.13,288.93,252.07,216.49,182.16,149.04,117.07,86.22,56.45,27.72,0,0,0,null,null,0,0,0,0,0,0,0,0,0,0,0,0,0,0,0,0,0]
[null,null,null,null,null,446,"63W LED 3K ROADLED MIDI Aerosreen S-S","446: 63W LED 3K ROADLED MIDI Aerosreen S-S",3,91.46,539.73,494.2,450.22,407.74,366.72,327.13,288.93,252.07,216.49,182.16,149.04,117.07,86.22,56.45,27.72,0,0,0,0,null,0,0,0,0,0,0,0,0,0,0,0,0,0,0,0,0,0]
[null,null,null,null,null,447,"113W LED ROADLED MIDI STD Visor S-S","447: 113W LED ROADLED MIDI STD Visor S-S",3,96.59,568.05999999999995,520.12,473.83,429.13,385.95,344.29,304.08999999999997,265.29000000000002,227.85,191.72,156.86000000000001,123.21,90.74,59.41,29.18,0,0,0,0,0,0,0,0,0,0,0,0,0,0,0,0,0,0,0,0,0,0]
[null,null,null,null,null,448,"120W LED 4K ROADLED MIDI Aeroscreen S-S","448: 120W LED 4K ROADLED MIDI Aeroscreen S-S",3,96.59,568.05999999999995,520.12,473.83,429.13,385.95,344.29,304.08999999999997,265.29000000000002,227.85,191.72,156.86000000000001,123.21,90.74,59.41,29.18,0,0,0,0,null,0,0,0,0,0,0,0,0,0,0,0,0,0,0,0,0,0]
[null,null,null,null,null,449,"121W LED 3K ROADLED MIDI Aeroscreen S-S","449: 121W LED 3K ROADLED MIDI Aeroscreen S-S",3,96.59,568.05999999999995,520.12,473.83,429.13,385.95,344.29,304.08999999999997,265.29000000000002,227.85,191.72,156.86000000000001,123.21,90.74,59.41,29.18,0,0,0,0,null,0,0,0,0,0,0,0,0,0,0,0,0,0,0,0,0,0]
[null,null,null,null,null,450,"275W LED ROADLED S-S","450: 275W LED ROADLED S-S",3,126.83,894.28,818.77,745.86,675.47,607.51,541.94000000000005,478.65,417.58,358.65,301.77999999999997,246.9,193.94,142.83000000000001,93.52,45.93,0,0,0,0,0,0,0,0,0,0,0,0,0,0,0,0,0,0,0,0,0,0]
[null,null,null,null,null,451,"254W LED 3K ROADLED MIDI STD Visor S-S","451: 254W LED 3K ROADLED MIDI STD Visor S-S",3,126.83,894.28,818.77,745.86,675.47,607.51,541.94000000000005,478.65,417.58,358.65,301.77999999999997,246.9,193.94,142.83000000000001,93.52,45.93,0,0,0,0,0,0,0,0,0,0,0,0,0,0,0,0,0,0,0,0,0,0]
[null,null,null,null,null,452,"230W LED Avento S-S","452: 230W LED Avento S-S",3,98.27,586.20000000000005,536.73,488.96,442.83,398.28,355.28,313.8,273.76,235.12,197.84,161.86000000000001,127.14,93.64,61.31,30.11,0,0,0,0,0,0,0,0,0,0,0,0,0,0,0,0,0,0,0,0,0,0]
[null,null,null,null,null,453,"205W LED 3K ROADLED MIDI Aeroscreen S-S","453: 205W LED 3K ROADLED MIDI Aeroscreen S-S",3,126.83,894.28,818.77,745.86,675.47,607.51,541.94000000000005,478.65,417.58,358.65,301.77999999999997,246.9,193.94,142.83000000000001,93.52,45.93,0,0,0,null,null,0,0,0,0,0,0,0,0,0,0,0,0,0,0,0,0,0]
[null,null,null,null,null,454,"30W LED ATS PLED MKII","454: 30W LED ATS PLED MKII",3,73.19,393.37,360.2,328.16,297.20999999999998,267.31,238.45,210.61,183.74,157.81,132.78,108.64,85.33,62.85,41.15,20.21,0,0,0,0,0,0,0,0,0,0,0,0,0,0,0,0,0,0,0,0,0,0]
[null,null,null,null,null,455,"20W LED ATS PLED MKII","455: 20W LED ATS PLED MKII",3,67.72,334.35,306.18,278.95,252.64,227.23,202.7,179.03,156.19,134.13999999999999,112.87,92.35,72.540000000000006,53.42,34.979999999999997,17.18,0,0,0,0,0,0,0,0,0,0,0,0,0,0,0,0,0,0,0,0,0,0]
[null,null,null,null,null,456,"13W LED ATS PLED MKII","456: 13W LED ATS PLED MKII",3,66.430000000000007,320.41000000000003,293.42,267.33,242.12,217.76,194.26,171.57,149.68,128.56,108.17,88.5,69.52,51.2,33.520000000000003,16.46,0,0,0,0,0,0,0,0,0,0,0,0,0,0,0,0,0,0,0,0,0,0]
[null,null,null,null,null,457,"74W LED ATS VLED","457: 74W LED ATS VLED",3,83.76,429.8,393.55,358.54,324.72000000000003,292.05,260.52999999999997,230.1,200.74,172.41,145.07,118.69,93.23,68.67,44.96,22.08,0,0,0,0,0,0,0,0,0,0,0,0,0,0,0,0,0,0,0,0,0,0]
[null,null,null,null,null,458,"155W LED ATS VLED","458: 155W LED ATS VLED",3,89.68,493.55,451.92,411.7,372.86,335.35,299.14999999999998,264.22000000000003,230.51,197.98,166.58,136.29,107.06,78.849999999999994,51.62,25.35,0,0,0,0,0,0,0,0,0,0,0,0,0,0,0,0,0,0,0,0,0,0]
[null,null,null,null,null,459,"290W LED ATS VLED","459: 290W LED ATS VLED",3,106.32,672.96,616.16,561.32000000000005,508.35,457.21,407.85,360.23,314.27,269.91000000000003,227.11,185.81,145.96,107.5,70.38,34.56,0,0,0,0,0,0,0,0,0,0,0,0,0,0,0,0,0,0,0,0,0,0]
[null,null,null,null,null,551,"2x14W Energy Efficient Fluro - STD","551: 2x14W Energy Efficient Fluro - STD",3,91.32,410.04,380.95,352.84,325.68,299.44,274.13,249.7,226.12,203.37,181.42,160.24,139.79,120.06,101.03,82.65,64.92,47.82,31.31,15.37,0,0,0,0,0,0,0,0,0,0,0,0,0,0,0,0,0,0]
[null,null,null,null,null,552,"2x24W Energy Efficient Fluro - STD","552: 2x24W Energy Efficient Fluro - STD",3,94.66,442.96,411.52,381.15,351.81,323.47000000000003,296.13,269.74,244.27,219.69,195.98,173.09,151.01,129.69999999999999,109.13,89.29,70.13,51.65,33.82,16.61,0,0,0,0,0,0,0,0,0,0,0,0,0,0,0,0,0,0]
[null,null,null,null,null,553,"1x42W Compact Fluorescent - STD","553: 1x42W Compact Fluorescent - STD",3,86.46,356.5,331.22,306.77999999999997,283.17,260.36,238.35,217.11,196.61,176.83,157.74,139.32,121.55,104.39,87.84,71.87,56.45,41.58,27.22,13.37,0,0,0,0,0,0,0,0,0,0,0,0,0,0,0,0,0,0]
[null,null,null,null,null,554,"50W Mercury - STANDARD","554: 50W Mercury - STANDARD",3,82.34,311.70999999999998,289.61,268.25,247.61,227.67,208.42,189.85,171.92,154.62,137.93,121.83,106.28,91.28,76.81,62.84,49.36,36.35,23.8,11.69,0,0,0,0,0,0,0,0,0,0,0,0,0,0,0,0,0,0]
[null,null,null,null,null,555,"80W Mercury - STANDARD","555: 80W Mercury - STANDARD",3,85.07,346.97,322.37,298.58999999999997,275.61,253.41,231.98,211.31,191.36,172.11,153.53,135.6,118.3,101.6,85.49,69.95,54.94,40.46,26.49,13.01,0,0,0,0,0,0,0,0,0,0,0,0,0,0,0,0,0,0]
[null,null,null,null,null,556,"70W Sodium - STANDARD","556: 70W Sodium - STANDARD",3,87.02,350.68,325.8,301.77,278.55,256.11,234.46,213.56,193.4,173.94,155.16999999999999,137.05000000000001,119.56,102.69,86.4,70.69,55.53,40.9,26.78,13.15,0,0,0,0,0,0,0,0,0,0,0,0,0,0,0,0,0,0]
[null,null,null,null,null,557,"100W Sodium - STANDARD","557: 100W Sodium - STANDARD",3,95.89,426.06,395.83,366.62,338.4,311.14,284.83,259.45,234.95,211.32,188.51,166.49,145.25,124.75,104.97,85.88,67.459999999999994,49.68,32.53,15.97,0,0,0,0,0,0,0,0,0,0,0,0,0,0,0,0,0,0]
[null,null,null,null,null,558,"100W Metal Halide - STANDARD","558: 100W Metal Halide - STANDARD",3,103.76,443.86,412.36,381.92,352.53,324.13,296.73,270.27999999999997,244.77,220.14,196.38,173.44,151.32,129.96,109.35,89.47,70.28,51.76,33.89,16.64,0,0,0,0,0,0,0,0,0,0,0,0,0,0,0,0,0,0]
[null,null,null,null,null,559,"150W Sodium - STANDARD","559: 150W Sodium - STANDARD",3,102.91,411,381.83,353.66,326.43,300.14,274.77,250.28,226.65,203.85,181.84,160.61000000000001,140.12,120.34,101.26,82.85,65.08,47.93,31.38,15.41,0,0,0,0,0,0,0,0,0,0,0,0,0,0,0,0,0,0]
[null,null,null,null,null,560,"150W Metal Halide - STANDARD","560: 150W Metal Halide - STANDARD",3,108.29,423.2,393.17,364.15,336.12,309.05,282.92,257.70999999999998,233.38,209.9,187.24,165.37,144.28,123.91,104.27,85.3,67.010000000000005,49.35,32.31,15.87,0,0,0,0,0,0,0,0,0,0,0,0,0,0,0,0,0,0]
[null,null,null,null,null,561,"250W Sodium - STANDARD","561: 250W Sodium - STANDARD",3,108.18,434.52,403.68,373.89,345.11,317.31,290.48,264.58999999999997,239.61,215.51,192.24,169.79,148.13,127.23,107.05,87.58,68.8,50.67,33.17,16.29,0,0,0,0,0,0,0,0,0,0,0,0,0,0,0,0,0,0]
[null,null,null,null,null,562,"250W Metal Halide - STANDARD","562: 250W Metal Halide - STANDARD",3,108.75,435.81,404.87,375,346.13,318.25,291.33999999999997,265.38,240.32,216.15,192.81,170.3,148.57,127.6,107.37,87.84,69,50.82,33.270000000000003,16.34,0,0,0,0,0,0,0,0,0,0,0,0,0,0,0,0,0,0]
[null,null,null,null,null,563,"400W Sodium - STANDARD","563: 400W Sodium - STANDARD",3,113.34,507.18,471.17,436.39,402.79,370.35,339.04,308.82,279.67,251.53,224.38,198.18,172.89,148.49,124.95,102.22,80.3,59.14,38.72,19.010000000000002,0,0,0,0,0,0,0,0,0,0,0,0,0,0,0,0,0,0]
[null,null,null,null,null,564,"80W Mercury - AEROSCREEN","564: 80W Mercury - AEROSCREEN",3,93.53,346.97,322.37,298.58999999999997,275.61,253.41,231.98,211.31,191.36,172.11,153.53,135.6,118.3,101.6,85.49,69.95,54.94,40.46,26.49,13.01,0,0,0,0,0,0,0,0,0,0,0,0,0,0,0,0,0,0]
[null,null,null,null,null,565,"150W Sodium - AEROSCREEN","565: 150W Sodium - AEROSCREEN",3,107.33,454.56,422.29,391.13,361.02,331.94,303.88,276.8,250.66,225.44,201.11,177.62,154.96,133.09,111.99,91.62,71.97,53,34.700000000000003,17.04,0,0,0,0,0,0,0,0,0,0,0,0,0,0,0,0,0,0]
[null,null,null,null,null,566,"150W Metal Halide - AEROSCREEN","566: 150W Metal Halide - AEROSCREEN",3,112.72,466.76,433.63,401.62,370.7,340.84,312.02999999999997,284.22000000000003,257.39,231.49,206.5,182.39,159.12,136.66,114.99,94.08,73.900000000000006,54.43,35.630000000000003,17.5,0,0,0,0,0,0,0,0,0,0,0,0,0,0,0,0,0,0]
[null,null,null,null,null,567,"25W LED P4 Gerard","567: 25W LED P4 Gerard",3,74.38,385.46,352.96,321.57,291.24,261.94,233.66,206.38,180.05,154.63999999999999,130.12,106.45,83.62,61.59,40.32,19.8,0,0,0,0,0,0,0,0,0,0,0,0,0,0,0,0,0,0,0,0,0,0]
[null,null,null,null,null,568,"250W Sodium (w/o PECB) - AEROSCREEN","568: 250W Sodium (w/o PECB) - AEROSCREEN",3,110.08,453.12,420.95,389.89,359.87,330.88,302.91000000000003,275.92,249.87,224.73,200.47,177.06,154.47,132.66999999999999,111.63,91.33,71.739999999999995,52.84,34.590000000000003,16.989999999999998,0,0,0,0,0,0,0,0,0,0,0,0,0,0,0,0,0,0]
[null,null,null,null,null,569,"250W Metal Halide - AEROSCREEN","569: 250W Metal Halide - AEROSCREEN",3,110.64,454.4,422.15,390.99,360.89,331.82,303.77,276.7,250.58,225.37,201.04,177.56,154.91,133.05000000000001,111.95,91.59,71.95,52.99,34.69,17.04,0,0,0,0,0,0,0,0,0,0,0,0,0,0,0,0,0,0]
[null,null,null,null,null,570,"400W Sodium - AEROSCREEN","570: 400W Sodium - AEROSCREEN",3,112.12,495.21,460.05,426.09,393.29,361.61,331.04,301.54000000000002,273.07,245.6,219.09,193.5,168.81,144.99,122,99.81,78.400000000000006,57.74,37.81,18.57,0,0,0,0,0,0,0,0,0,0,0,0,0,0,0,0,0,0]
[null,null,null,null,null,571,"400W Metal Halide - AEROSCREEN","571: 400W Metal Halide - AEROSCREEN",3,115.01,501.75,466.12,431.72,398.48,366.38,335.41,305.52,276.67,248.84,221.98,196.06,171.04,146.9,123.61,101.13,79.44,58.51,38.299999999999997,18.809999999999999,0,0,0,0,0,0,0,0,0,0,0,0,0,0,0,0,0,0]
[null,null,null,null,null,572,"80W Mercury - POST TOP","572: 80W Mercury - POST TOP",3,112.93,621.35,577.21,534.59,493.43,453.69,415.33,378.32,342.6,308.13,274.87,242.77,211.8,181.91,153.06,125.23,98.37,72.45,47.43,23.29,0,0,0,0,0,0,0,0,0,0,0,0,0,0,0,0,0,0]
[null,null,null,null,null,573,"250W Sodium - FLOODLIGHT","573: 250W Sodium - FLOODLIGHT",3,121.69,639.54,594.12,550.25,507.88,466.97,427.49,389.39,352.63,317.14999999999998,282.92,249.88,218,187.23,157.54,128.88999999999999,101.25,74.569999999999993,48.82,23.98,0,0,0,0,0,0,0,0,0,0,0,0,0,0,0,0,0,0]
[null,null,null,null,null,574,"250W Metal Halide - FLOODLIGHT","574: 250W Metal Halide - FLOODLIGHT",3,122.26,640.83000000000004,595.30999999999995,551.35,508.9,467.91,428.35,390.18,353.34,317.79000000000002,283.49,250.38,218.44,187.61,157.86000000000001,129.15,101.45,74.72,48.92,24.02,0,0,0,0,0,0,0,0,0,0,0,0,0,0,0,0,0,0]
[null,null,null,null,null,575,"400W Sodium - FLOODLIGHT","575: 400W Sodium - FLOODLIGHT",3,121.29,657.43,610.73,565.63,522.08000000000004,480.02,439.44,400.28,362.49,326.02,290.83,256.87,224.09,192.47,161.94999999999999,132.5,104.08,76.650000000000006,50.19,24.65,0,0,0,0,0,0,0,0,0,0,0,0,0,0,0,0,0,0]
[null,null,null,null,null,576,"400W Metal Halide - FLOODLIGHT","576: 400W Metal Halide - FLOODLIGHT",3,124.18,663.97,616.79999999999995,571.25,527.27,484.8,443.81,404.26,366.09,329.26,293.72000000000003,259.42,226.32,194.38,163.56,133.82,105.11,77.41,50.68,24.89,0,0,0,0,0,0,0,0,0,0,0,0,0,0,0,0,0,0]
[null,null,null,null,null,577,"Suburban 70W HPS c/w D2 PECB - STD","577: Suburban 70W HPS c/w D2 PECB - STD",3,87.02,350.68,325.8,301.77,278.55,256.11,234.46,213.56,193.4,173.94,155.16999999999999,137.05000000000001,119.56,102.69,86.4,70.69,55.53,40.9,26.78,13.15,0,0,0,0,0,0,0,0,0,0,0,0,0,0,0,0,0,0]
[null,null,null,null,null,578,"Urban A/Screen 42W CFL c/w D2 PECB","578: Urban A/Screen 42W CFL c/w D2 PECB",3,95.81,448.58,416.74,385.98,356.27,327.57,299.88,273.16000000000003,247.37,222.48,198.46,175.29,152.91999999999999,131.34,110.52,90.42,71.02,52.31,34.25,16.82,0,0,0,0,0,0,0,0,0,0,0,0,0,0,0,0,0,0]
[null,null,null,null,null,579,"Roadster A/Screen 100W HPS c/w PECB","579: Roadster A/Screen 100W HPS c/w PECB",3,105.7,426.06,395.83,366.62,338.4,311.14,284.83,259.45,234.95,211.32,188.51,166.49,145.25,124.75,104.97,85.88,67.459999999999994,49.68,32.53,15.97,0,0,0,0,0,0,0,0,0,0,0,0,0,0,0,0,0,0]
[null,null,null,null,null,580,"B2001 42WCFL c/w D2 PECB green - PT","580: B2001 42WCFL c/w D2 PECB green - PT",3,118.82,675.22,627.25,580.92999999999995,536.20000000000005,493.01,451.33,411.11,372.29,334.84,298.69,263.81,230.15,197.67,166.33,136.08000000000001,106.89,78.73,51.54,25.31,0,0,0,0,0,0,0,0,0,0,0,0,0,0,0,0,0,0]
[null,null,null,null,null,581,"150W Sodium - FLOODLIGHT","581: 150W Sodium - FLOODLIGHT",3,117.4,625.73,581.28,538.36,496.91,456.88,418.26,380.98,345.01,310.3,276.81,244.48,213.29,183.19,154.13999999999999,126.11,99.06,72.959999999999994,47.77,23.46,0,0,0,0,0,0,0,0,0,0,0,0,0,0,0,0,0,0]
[null,null,null,null,null,582,"150W Metal Halide - FLOODLIGHT","582: 150W Metal Halide - FLOODLIGHT",3,122.79,637.91999999999996,592.61,548.85,506.59,465.78,426.4,388.4,351.73,316.35000000000002,282.2,249.25,217.45,186.76,157.13999999999999,128.57,100.99,74.38,48.7,23.91,0,0,0,0,0,0,0,0,0,0,0,0,0,0,0,0,0,0]
[null,null,null,null,null,583,"1x42W Compact Fluorescent - STD","583: 1x42W Compact Fluorescent - STD",3,86.46,356.5,331.22,306.77999999999997,283.17,260.36,238.35,217.11,196.61,176.83,157.74,139.32,121.55,104.39,87.84,71.87,56.45,41.58,27.22,13.37,0,0,0,0,0,0,0,0,0,0,0,0,0,0,0,0,0,0]
[null,null,null,null,null,584,"250W Sodium - STANDARD","584: 250W Sodium - STANDARD",3,108.18,434.52,403.68,373.89,345.11,317.31,290.48,264.58999999999997,239.61,215.51,192.24,169.79,148.13,127.23,107.05,87.58,68.8,50.67,33.17,16.29,0,0,0,0,0,0,0,0,0,0,0,0,0,0,0,0,0,0]
[null,null,null,null,null,585,"18W LED P4 Gerard","585: 18W LED P4 Gerard",3,74.38,385.46,352.96,321.57,291.24,261.94,233.66,206.38,180.05,154.63999999999999,130.12,106.45,83.62,61.59,40.32,19.8,0,0,0,0,0,0,0,0,0,0,0,0,0,0,0,0,0,0,0,0,0,0]
[null,null,null,null,null,586,"42W LED P3 Gerard","586: 42W LED P3 Gerard",3,82.87,422.51,386.88,352.47,319.22000000000003,287.10000000000002,256.11,226.2,197.34,169.49,142.62,116.68,91.65,67.5,44.2,21.7,0,0,0,0,0,0,0,0,0,0,0,0,0,0,0,0,0,0,0,0,0,0]
[null,null,null,null,null,587,"33W LED P4 Pecan","587: 33W LED P4 Pecan",3,74.63,459.39,420.65,383.22,347.07,312.14999999999998,278.45999999999998,245.94,214.56,184.28,155.06,126.86,99.65,73.39,48.05,23.6,0,0,0,0,0,0,0,0,0,0,0,0,0,0,0,0,0,0,0,0,0,0]
[null,null,null,null,null,588,"25W LED P4 GE","588: 25W LED P4 GE",3,74.38,385.46,352.97,321.57,291.24,261.94,233.66,206.38,180.05,154.63999999999999,130.12,106.45,83.62,61.59,40.32,19.8,0,0,0,0,0,0,0,0,0,0,0,0,0,0,0,0,0,0,0,0,0,0]
[null,null,null,null,null,589,"17W LED Cat P Luminaire","589: 17W LED Cat P Luminaire",3,68.77,385.46,352.97,321.57,291.24,261.94,233.66,206.38,180.05,154.63999999999999,130.12,106.45,83.62,61.59,40.32,19.8,0,0,0,0,0,0,0,0,0,0,0,0,0,0,0,0,0,0,0,0,0,0]
[null,null,null,null,null,590,"Bracket - Minor <=3m","590: Bracket - Minor <=3m",3,22.38,21.85,101.63,96.57,91.69,86.98,82.43,78.03,73.790000000000006,69.7,65.75,61.94,58.27,54.72,51.29,47.99,44.8,41.72,38.76,35.89,33.119999999999997,30.46,27.88,25.4,23,20.69,18.45,16.3,14.22,12.21,10.28,8.41,6.6,4.8600000000000003,3.18,1.56,0,0]
[null,null,null,null,null,591,"Bracket - Major >3m","591: Bracket - Major >3m",3,70.53,68.86,628.91999999999996,597.6,567.38,538.19000000000005,510.02,482.84,456.6,431.29,406.86,383.28,360.53,338.58,317.39,296.95,277.22000000000003,258.18,239.81,222.08,204.97,188.46,172.52,157.15,142.31,127.99,114.18,100.85,87.98,75.56,63.58,52.02,40.86,30.09,19.7,9.68,0,0]
[null,null,null,null,null,595,"Pole (Wood) - Minor - DEDICATED SL <=11m","595: Pole (Wood) - Minor - DEDICATED SL <=11m",3,179.64,2563.96,2436.89,2314,2195.15,2080.25,1969.36,1862.36,1759.1,1659.46,1563.3,1470.51,1380.96,1294.55,1211.1600000000001,1130.69,1053.04,978.1,905.79,836,768.66,703.68,640.97,580.45000000000005,522.05999999999995,465.7,411.32,358.84,308.2,259.33,212.17,166.66,122.74,80.36,39.47,0,0,0]
[null,null,null,null,null,596,"Pole (Wood) - Major - DEDICATED SL >11m","596: Pole (Wood) - Major - DEDICATED SL >11m",3,271.08,4762.21,4526.21,4297.9799999999996,4077.23,3863.81,3657.86,3459.11,3267.32,3082.24,2903.64,2731.29,2564.9699999999998,2404.4699999999998,2249.59,2100.13,1955.89,1816.71,1682.39,1552.78,1427.7,1307,1190.53,1078.1300000000001,969.66,864.99,763.98,666.51,572.44000000000005,481.67,394.08,309.55,227.98,149.26,73.3,0,0,0]
[null,null,null,null,null,597,"Pole (Wood) - Minor   <=11m","597: Pole (Wood) - Minor   <=11m",3,0,0,0,0,0,0,0,0,0,0,0,0,0,0,0,0,0,0,0,0,0,0,0,0,0,0,0,0,0,0,0,0,0,0,0,0,0,0]
[null,null,null,null,null,598,"Pole (Wood) - Major  >11m","598: Pole (Wood) - Major  >11m",3,0,0,0,0,0,0,0,0,0,0,0,0,0,0,0,0,0,0,0,0,0,0,0,0,0,0,0,0,0,0,0,0,0,0,0,0,0,0]
[null,null,null,null,null,599,"Smart Node NBIOT - Minor Rd","599: Smart Node NBIOT - Minor Rd",3,83.64407527828152,404.38116217924363,352.58586704399755,302.65502666827149,254.52152701127812,208.12066990982009,163.39008611489939,120.26965145871381,78.701406039357011,38.629476314594577,0,0,0,0,0,0,0,0,0,0,0,0,0,0,0,0,0,0,0,0,0,0,0,0,0,0,0,0]
[null,null,null,null,null,600,"Smart Node NBIOT - Major Rd","600: Smart Node NBIOT - Major Rd",3,90.419611184941587,436.89526736018558,380.93539229042995,326.98988271745384,274.98622832293438,224.8545289138074,176.52740046662038,129.93988455396988,85.029361031279748,41.73546386655849,0,0,0,0,0,0,0,0,0,0,0,0,0,0,0,0,0,0,0,0,0,0,0,0,0,0,0,0]
[null,null,null,null,null,601,"Column (Aluminium) - Minor <=9m","601: Column (Aluminium) - Minor <=9m",3,430.45866360899646,7387.4434072822587,7014.2067609441046,6654.4053665892689,6307.5556007643072,5973.1912488180033,5650.8628782436026,5340.1372345785976,5040.5966590500593,4751.838527182771,4473.4747076155545,4205.1310403983734,3946.4468340689764,3697.0743808330622,3456.6784891963216,3224.9360334201319,3001.535519195324,2786.1766649502119,2578.569998230118,2378.43646660586,2185.5070625882136,1999.5224620441795,1820.2326756290408,1647.3967127656788,1480.7822577194911,1320.1653573335207,1165.3301200040505,1016.0684254920609,872.17964518048734,733.4703724012669,599.75416246969473,470.85128207666298,346.58846770192656,226.79869272367139,111.32094291134797,0,0,0]
[null,null,null,null,null,602,"Column (Aluminium) - Major >9m","602: Column (Aluminium) - Major >9m",3,573.43148536624176,9773.3574763266297,9279.5770211921445,8803.5709858641203,8344.6995515806557,7902.3459308828396,7475.9155385660442,7064.835192474161,6668.5523430625262,6286.5343306939549,5918.2676696696153,5563.2573580323487,5221.0262122147296,4891.1142256375288,4573.0779503964723,4266.4899012061578,3970.9379807999794,3686.0249260136934,3411.3677738081074,3146.5973465131292,2891.357755601287,2645.3059233237173,2408.1111215656306,2179.4545273014201,1959.0287940518708,1746.5376387674571,1541.6954435824391,1344.2268719044598,1153.8664983236104,970.35845184351524,793.45607195488651,622.92157708926118,458.5257450072794,300.04760469189841,147.27413933240607,0,0,0]
[null,null,null,null,null,650,"82W LED Gerard V5 Cat Luminaire","650: 82W LED Gerard V5 Cat Luminaire",3,109.33,680.25,622.83000000000004,567.39,513.85,462.15,412.27,364.12,317.67,272.83999999999997,229.57,187.82,147.54,108.66,71.14,34.94,0,0,0,0,0,0,0,0,0,0,0,0,0,0,0,0,0,0,0,0,0,0]
[null,null,null,null,null,651,"100W LED Gerard V4 Cat Luminaire","651: 100W LED Gerard V4 Cat Luminaire",3,109.33,680.25,622.83000000000004,567.39,513.85,462.15,412.27,364.12,317.67,272.83999999999997,229.57,187.82,147.54,108.66,71.14,34.94,0,0,0,0,0,0,0,0,0,0,0,0,0,0,0,0,0,0,0,0,0,0]
[null,null,null,null,null,652,"198W LED Gerard V2/V3 Cat Luminaire","652: 198W LED Gerard V2/V3 Cat Luminaire",3,121.49,798.65,731.22,666.12,603.26,542.57000000000005,484,427.48,372.94,320.31,269.52,220.5,173.21,127.56,83.52,41.02,0,0,0,0,0,0,0,0,0,0,0,0,0,0,0,0,0,0,0,0,0,0]
[null,null,null,null,null,653,"33W LED P3 Gerard","653: 33W LED P3 Gerard",3,78.180000000000007,422.51,386.88,352.47,319.22000000000003,287.10000000000002,256.11,226.2,197.34,169.49,142.62,116.68,91.65,67.5,44.2,21.7,0,0,0,0,0,0,0,0,0,0,0,0,0,0,0,0,0,0,0,0,0,0]
[null,null,null,null,null,655,"75W LED Aglo Nilum Plus FLOODLIGHT","655: 75W LED Aglo Nilum Plus FLOODLIGHT",3,92.71,566.41,518.62,472.46,427.88,384.83,343.29,303.20999999999998,264.52,227.19,191.16,156.4,122.85,90.48,59.24,29.09,0,0,0,0,0,0,0,0,0,0,0,0,0,0,0,0,0,0,0,0,0,0]
[null,null,null,null,null,656,"100W LED Aglo Nilum Plus FLOODLIGHT","656: 100W LED Aglo Nilum Plus FLOODLIGHT",3,95.04,589.17999999999995,539.46,491.45,445.08,400.3,357.09,315.39,275.14999999999998,236.32,198.85,162.69,127.79,94.12,61.62,30.26,0,0,0,0,0,0,0,0,0,0,0,0,0,0,0,0,0,0,0,0,0,0]
[null,null,null,null,null,657,"150W LED Aglo Nilum Plus FLOODLIGHT","657: 150W LED Aglo Nilum Plus FLOODLIGHT",3,102.19,634.71,581.15,529.41999999999996,479.46,431.23,384.68,339.76,296.41000000000003,254.58,214.21,175.25,137.66,101.39,66.38,32.6,0,0,0,0,0,0,0,0,0,0,0,0,0,0,0,0,0,0,0,0,0,0]
[null,null,null,null,null,658,"300W LED Aglo Nilum Plus FLOODLIGHT","658: 300W LED Aglo Nilum Plus FLOODLIGHT",3,131.32,920.23,842.53,767.51,695.07,625.14,557.66,492.54,429.7,369.06,310.54000000000002,254.06,199.57,146.97999999999999,96.23,47.26,0,0,0,0,0,0,0,0,0,0,0,0,0,0,0,0,0,0,0,0,0,0]
[null,null,null,null,null,659,"60W LED RoadLED Midi Optic Tuner","659: 60W LED RoadLED Midi Optic Tuner",3,99.04,589.17999999999995,539.46,491.45,445.08,400.3,357.09,315.39,275.14999999999998,236.32,198.85,162.69,127.79,94.12,61.62,30.26,0,0,0,0,0,0,0,0,0,0,0,0,0,0,0,0,0,0,0,0,0,0]
[null,null,null,null,null,660,"80W LED RoadLED Midi Optic Tuner","660: 80W LED RoadLED Midi Optic Tuner",3,106.35,662.04,606.16,552.20000000000005,500.1,449.78,401.23,354.38,309.16000000000003,265.52999999999997,223.43,182.8,143.59,105.75,69.239999999999995,34,0,0,0,0,0,0,0,0,0,0,0,0,0,0,0,0,0,0,0,0,0,0]
[null,null,null,null,null,661,"70W LED RoadLED Midi","661: 70W LED RoadLED Midi",3,90.8,534.53,489.43,445.88,403.81,363.18,323.98,286.14999999999998,249.64,214.41,180.41,147.6,115.94,85.39,55.91,27.46,0,0,0,0,0,0,0,0,0,0,0,0,0,0,0,0,0,0,0,0,0,0]
[null,null,null,null,null,662,"80W LED RoadLED Midi","662: 80W LED RoadLED Midi",3,91.46,552.75,506.11,461.07,417.57,375.56,335.02,295.89,258.14,221.71,186.56,152.63,119.89,88.3,57.81,28.39,0,0,0,0,0,0,0,0,0,0,0,0,0,0,0,0,0,0,0,0,0,0]
[null,null,null,null,null,664,"165W LED RoadLED Midi","664: 165W LED RoadLED Midi",3,94.09,566.41,518.62,472.46,427.88,384.83,343.29,303.20999999999998,264.52,227.19,191.16,156.4,122.85,90.48,59.24,29.09,0,0,0,0,0,0,0,0,0,0,0,0,0,0,0,0,0,0,0,0,0,0]
[null,null,null,null,null,665,"17W LED B2001 NUWE Post Top","665: 17W LED B2001 NUWE Post Top",3,105.28,693.91,635.34,578.78,524.16999999999996,471.43,420.54,371.43,324.04000000000002,278.31,234.18,191.59,150.5,110.84,72.569999999999993,35.64,0,0,0,0,0,0,0,0,0,0,0,0,0,0,0,0,0,0,0,0,0,0]
[null,null,null,null,null,667,"150W LED SLED Maximus Pedestrian","667: 150W LED SLED Maximus Pedestrian",3,111.25,757.66,693.7,631.94000000000005,572.30999999999995,514.73,459.17,405.55,353.81,303.87,255.69,209.19,164.32,121.02,79.23,38.909999999999997,0,0,0,0,0,0,0,0,0,0,0,0,0,0,0,0,0,0,0,0,0,0]
[null,null,null,null,null,668,"175W LED SLED Maximus Pedestrian","668: 175W LED SLED Maximus Pedestrian",3,121.75,862.4,789.58,719.28,651.4,585.86,522.62,461.59,402.7,345.87,291.02999999999997,238.1,187.03,137.74,90.18,44.29,0,0,0,0,0,0,0,0,0,0,0,0,0,0,0,0,0,0,0,0,0,0]
[null,null,null,null,null,669,"150W LED 4K FLX ATS FloodX ","669: 150W LED 4K FLX ATS FloodX ",3,98.274845539365387,720.74057636523844,669.02775679627621,619.17642314648469,571.11956824324886,524.7925969446519,480.13323931456063,437.08146692311135,395.57941216009573,355.57129045278953,317.00332528367596,279.82367590727665,243.98236766893064,209.43122483186133,176.12380582224051,144.01534080521034,113.06267150795679,83.224193208947867,54.459798815362333,26.730824953541237,0,0,0,0,0,0,0,0,0,0,0,0,0,0,0,0,0,0]
[null,null,null,null,null,670,"150W LED 3K FLX ATS FloodX ","670: 150W LED 3K FLX ATS FloodX ",3,98.274845539365387,720.74057636523844,669.02775679627621,619.17642314648469,571.11956824324886,524.7925969446519,480.13323931456063,437.08146692311135,395.57941216009573,355.57129045278953,317.00332528367596,279.82367590727665,243.98236766893064,209.43122483186133,176.12380582224051,144.01534080521034,113.06267150795679,83.224193208947867,54.459798815362333,26.730824953541237,0,0,0,0,0,0,0,0,0,0,0,0,0,0,0,0,0,0]
[null,null,null,null,null,671,"250W LED 4K FLX ATS FloodX ","671: 250W LED 4K FLX ATS FloodX ",3,112.65990017467104,902.64562355702378,837.88119680430634,775.44806951404769,715.26232282127569,657.24305865521956,601.31229100097585,547.39484107538431,495.41823627621716,445.31261276885368,397.01062157950469,350.44733806876093,305.56017466378728,262.28879673186157,220.57504148217959,180.36283978692072,141.59814081648921,104.22883938763093,68.204705926771396,33.477318954435667,0,0,0,0,0,0,0,0,0,0,0,0,0,0,0,0,0,0]
[null,null,null,null,null,672,"250W LED 3K FLX ATS FloodX ","672: 250W LED 3K FLX ATS FloodX ",3,112.65990017467104,902.64562355702378,837.88119680430634,775.44806951404769,715.26232282127569,657.24305865521956,601.31229100097585,547.39484107538431,495.41823627621716,445.31261276885368,397.01062157950469,350.44733806876093,305.56017466378728,262.28879673186157,220.57504148217959,180.36283978692072,141.59814081648921,104.22883938763093,68.204705926771396,33.477318954435667,0,0,0,0,0,0,0,0,0,0,0,0,0,0,0,0,0,0]
[null,null,null,null,null,673,"80W Bourke Hill 3K FTB","673: 80W Bourke Hill 3K FTB",3,139.384629743164,1240.5910340258188,1151.5791726082384,1065.771435971498,983.05248650274746,903.31113835158396,826.44020798069903,752.33637009619713,680.90001876393319,612.03513352518974,545.64915033173679,481.6528371267886,419.9601739046264,360.48823708766531,303.15708806555557,247.88966574649706,194.61168297634174,143.25152668625694,93.740161634733482,46.011037614554787,0,0,0,0,0,0,0,0,0,0,0,0,0,0,0,0,0,0]
[null,null,null,null,null,674,"150W PVILLE 3K FTB","674: 150W PVILLE 3K FTB",3,173.02027219924625,1665.927835547787,1546.3982455681914,1431.1713149780057,1320.092162648428,1213.0114826454117,1109.7853435415818,1010.2749949522472,914.34668103545209,821.87146070539848,732.7250343175715,646.78757659261191,563.94357555436454,484.08167726560686,407.09453615276601,332.87867071843743,261.33432444776304,192.36533172170698,125.87898855699875,61.785927998999099,0,0,0,0,0,0,0,0,0,0,0,0,0,0,0,0,0,0]
[null,null,null,null,null,675,"14W Bourke Hill Ave 3K Side Entry","675: 14W Bourke Hill Ave 3K Side Entry",3,136.69462452636182,1206.5747902009552,1120.0035793267371,1036.5486381007638,956.09779139665659,878.54290201170818,803.77972531533976,731.70776912972235,662.23015865421849,595.25350625208569,530.68778592441686,468.44621230259116,408.44512399658822,350.60387114236534,294.844706997147,241.09268343691724,189.27555021564621,139.32365785084323,91.169864004900006,44.749443236387535,0,0,0,0,0,0,0,0,0,0,0,0,0,0,0,0,0,0]
[null,null,null,null,null,676,"14W Bourke Hill Ave 3K Top Entry","676: 14W Bourke Hill Ave 3K Top Entry",3,134.50640386242648,1178.9038224340161,1094.317991334927,1012.7769629533213,934.17113472966957,858.39484942444165,785.34625309998239,714.92715821455863,647.04291164455412,581.60226745741852,518.5172642643571,457.70310698790877,399.07805288548826,342.56330167569467,288.08288961969976,235.56358741534643,184.93480176671292,136.12848049683882,89.079021076070347,43.723182443074997,0,0,0,0,0,0,0,0,0,0,0,0,0,0,0,0,0,0]
[null,null,null,null,null,690,"Outreach - Minor <=2m","690: Outreach - Minor <=2m",3,26.85,126.85,120.54,114.44,108.56,102.88,97.39,92.1,86.99,82.07,77.31,72.72,68.290000000000006,64.02,59.9,55.92,52.08,48.37,44.79,41.34,38.01,34.799999999999997,31.7,28.71,25.82,23.03,20.34,17.75,15.24,12.82,10.49,8.24,6.07,3.97,1.95,0,0,0]
[null,null,null,null,null,691,"Outreach - Major >2m","691: Outreach - Major >2m",3,45.22,261.83,248.82,236.24,224.1,212.37,201.05,190.13,179.58,169.41,159.59,150.12,140.97999999999999,132.16,123.65,115.43,107.5,99.85,92.47,85.35,78.47,71.84,65.44,59.26,53.3,47.54,41.99,36.630000000000003,31.46,26.47,21.66,17.010000000000002,12.53,8.1999999999999993,4.03,0,0,0]
[null,null,null,null,null,692,"Outreach Aluminium - Minor <=3m","692: Outreach Aluminium - Minor <=3m",3,72.256248899687122,752.78127059413316,698.76954529701129,646.70205871958706,596.50882486940452,548.1223770121062,501.47767698669583,456.51202778514261,413.16498927882418,371.37829697853027,331.09578371883151,292.26330416154462,254.8286620168162,218.74153988400039,183.95343161802754,150.41757713035307,118.08889953685116,86.923944568170739,56.880822161113173,27.91915015252172,0,0,0,0,0,0,0,0,0,0,0,0,0,0,0,0,0,0]
[null,null,null,null,null,693,"Outreach Aluminium - Major >3m","693: Outreach Aluminium - Major >3m",3,92.482417411947708,955.24290785910341,886.7046490756602,820.63353489414169,756.94075648580213,695.54070183819033,636.35084068061667,579.29161355191411,524.28632486138156,471.26103979917178,420.14448495755431,370.86795252947587,323.36520795564712,277.57240089602067,233.42797940599405,190.87260720197742,149.84908390512015,110.30226815599265,72.179003496878096,35.428046922050541,0,0,0,0,0,0,0,0,0,0,0,0,0,0,0,0,0,0]
[null,null,null,null,null,695,"Column (Steel) - Minor <=9m","695: Column (Steel) - Minor <=9m",3,188.66,2642.17,2511.1999999999998,2384.5500000000002,2262.0700000000002,2143.66,2029.4,1919.13,1812.72,1710.04,1610.95,1515.33,1423.06,1334.01,1248.08,1165.1600000000001,1085.1400000000001,1007.92,933.4,861.49,792.1,725.13,660.51,598.15,537.97,479.9,423.86,369.78,317.58999999999997,267.23,218.64,171.74,126.48,82.81,40.67,0,0,0]
[null,null,null,null,null,696,"Column (Steel) - Major >9m","696: Column (Steel) - Major >9m",3,289.2,5143.32,4888.32,4641.76,4403.33,4172.83,3950.41,3735.77,3528.64,3328.76,3135.87,2949.74,2770.11,2596.7800000000002,2429.5100000000002,2268.09,2112.3200000000002,1962.01,1816.95,1676.97,1541.89,1411.53,1285.74,1164.3499999999999,1047.21,934.17,825.08,719.81,618.23,520.20000000000005,425.6,334.31,246.21,161.19999999999999,79.17,0,0,0]
[null,null,null,null,null,755,"24W LED STREETLED3 STD Visor S-S","755: 24W LED STREETLED3 STD Visor S-S",4,35.520000000000003,24.03,20.69,17.46,14.34,12.9,11.51,10.16,8.8699999999999992,7.62,6.41,5.24,4.12,3.03,1.99,0.98,0,0,0,null,null,null,null,null,null,null,null,null,null,null,null,null,null,null,null,null,0,0]
[null,null,null,null,null,756,"17W LED STREETLED3 Aeroscreen S-S","756: 17W LED STREETLED3 Aeroscreen S-S",4,35.520000000000003,21.11,18.010000000000002,15.03,12.14,10.92,9.74,8.6,7.5,6.44,5.42,4.4400000000000004,3.48,2.57,1.68,0.83,0,0,0,0,0,0,0,0,0,0,0,0,0,0,0,0,0,0,0,0,0,0]
[null,null,null,null,null,757,"13W LED STREETLED3 STD Visor S-S","757: 13W LED STREETLED3 STD Visor S-S",4,35.520000000000003,20.62,17.57,14.62,11.77,10.58,9.44,8.34,7.28,6.25,5.26,4.3,3.38,2.4900000000000002,1.63,0.8,0,0,0,0,0,0,0,0,0,0,0,0,0,0,0,0,0,0,0,0,0,0]
[null,null,null,null,null,758,"9W LED STREETLED Aeroscreen S-S","758: 9W LED STREETLED Aeroscreen S-S",4,35.520000000000003,20.62,17.57,14.62,11.77,10.58,9.44,8.34,7.28,6.25,5.26,4.3,3.38,2.4900000000000002,1.63,0.8,0,0,0,0,0,0,0,0,0,0,0,0,0,0,0,0,0,0,0,0,0,0]
[null,null,null,null,null,759,"17W LED Post Top B2001 S-S","759: 17W LED Post Top B2001 S-S",4,35.520000000000003,58.61,52.34,46.3,40.450000000000003,36.380000000000003,32.46,28.67,25.01,21.48,18.07,14.79,11.62,8.5500000000000007,5.6,2.75,0,0,0,0,0,0,0,0,0,0,0,0,0,0,0,0,0,0,0,0,0,0]
[null,null,null,null,null,760,"28W LED Post Top B2001 S-S","760: 28W LED Post Top B2001 S-S",4,35.520000000000003,62.02,55.47,49.14,43.03,38.700000000000003,34.520000000000003,30.49,26.6,22.85,19.22,15.73,12.35,9.1,5.96,2.93,0,0,0,0,0,0,0,0,0,0,0,0,0,0,0,0,0,0,0,0,0,0]
[null,null,null,null,null,761,"18W LED Bourke Hill S-S","761: 18W LED Bourke Hill S-S",4,35.520000000000003,75.17,67.5,60.1,52.96,47.63,42.49,37.53,32.74,28.12,23.66,19.36,15.21,11.2,7.33,3.6,0,0,0,0,0,0,0,0,0,0,0,0,0,0,0,0,0,0,0,0,0,0]
[null,null,null,null,null,762,"24W LED Bourke Hill S-S","762: 24W LED Bourke Hill S-S",4,35.520000000000003,77.599999999999994,69.73,62.13,54.8,49.28,43.96,38.83,33.880000000000003,29.1,24.48,20.03,15.73,11.59,7.59,3.73,0,0,0,0,0,0,0,0,0,0,0,0,0,0,0,0,0,0,0,0,0,0]
[null,null,null,null,null,763,"37W LED 4K ROADLED MIDI STD Visor S-S","763: 37W LED 4K ROADLED MIDI STD Visor S-S",4,40.21,41.35,36.549999999999997,31.91,27.42,24.67,22,19.43,16.95,14.56,12.25,10.02,7.87,5.8,3.8,1.86,0,0,0,0,0,0,0,0,0,0,0,0,0,0,0,0,0,0,0,0,0,0]
[null,null,null,null,null,764,"40W LED 3K ROADLED MIDI STD Visor S-S","764: 40W LED 3K ROADLED MIDI STD Visor S-S",4,40.21,41.35,36.549999999999997,31.91,27.42,24.67,22,19.43,16.95,14.56,12.25,10.02,7.87,5.8,3.8,1.86,0,0,0,0,0,0,0,0,0,0,0,0,0,0,0,0,0,0,0,0,0,0]
[null,null,null,null,null,765,"36W LED 4K ROADLED MIDI Aeroscreen S-S","765: 36W LED 4K ROADLED MIDI Aeroscreen S-S",4,40.21,41.35,36.549999999999997,31.91,27.42,24.67,22,19.43,16.95,14.56,12.25,10.02,7.87,5.8,3.8,1.86,0,0,0,0,0,0,0,0,0,0,0,0,0,0,0,0,0,0,0,0,0,0]
[null,null,null,null,null,766,"39W LED 3K ROADLED MIDI Aeroscreen S-S","766: 39W LED 3K ROADLED MIDI Aeroscreen S-S",4,40.21,41.35,36.549999999999997,31.91,27.42,24.67,22,19.43,16.95,14.56,12.25,10.02,7.87,5.8,3.8,1.86,0,0,0,0,0,0,0,0,0,0,0,0,0,0,0,0,0,0,0,0,0,0]
[null,null,null,null,null,767,"55W LED 4K ROADLED MIDI STD Visor S-S","767: 55W LED 4K ROADLED MIDI STD Visor S-S",4,40.21,42.12,37.25,32.549999999999997,28,25.19,22.47,19.84,17.309999999999999,14.87,12.51,10.24,8.0399999999999991,5.92,3.88,1.9,0,0,0,0,0,0,0,0,0,0,0,0,0,0,0,0,0,0,0,0,0,0]
[null,null,null,null,null,768,"61W LED 3K ROADLED MIDI STD Visor S-S","768: 61W LED 3K ROADLED MIDI STD Visor S-S",4,40.21,42.12,37.25,32.549999999999997,28,25.19,22.47,19.84,17.309999999999999,14.87,12.51,10.24,8.0399999999999991,5.92,3.88,1.9,0,0,0,0,0,0,0,0,0,0,0,0,0,0,0,0,0,0,0,0,0,0]
[null,null,null,null,null,769,"57W LED 4K ROADLED MIDI Aeroscreen S-S","769: 57W LED 4K ROADLED MIDI Aeroscreen S-S",4,40.21,42.12,37.25,32.549999999999997,28,25.19,22.47,19.84,17.309999999999999,14.87,12.51,10.24,8.0399999999999991,5.92,3.88,1.9,0,0,0,0,0,0,0,0,0,0,0,0,0,0,0,0,0,0,0,0,0,0]
[null,null,null,null,null,770,"63W LED 3K ROADLED MIDI Aerosreen S-S","770: 63W LED 3K ROADLED MIDI Aerosreen S-S",4,40.21,42.12,37.25,32.549999999999997,28,25.19,22.47,19.84,17.309999999999999,14.87,12.51,10.24,8.0399999999999991,5.92,3.88,1.9,0,0,0,0,0,0,0,0,0,0,0,0,0,0,0,0,0,0,0,0,0,0]
[null,null,null,null,null,771,"113W LED ROADLED MIDI STD Visor S-S","771: 113W LED ROADLED MIDI STD Visor S-S",4,40.21,45.15,40.020000000000003,35.07,30.29,27.24,24.3,21.46,18.73,16.079999999999998,13.53,11.07,8.6999999999999993,6.41,4.1900000000000004,2.06,0,0,0,0,0,0,0,0,0,0,0,0,0,0,0,0,0,0,0,0,0,0]
[null,null,null,null,null,772,"120W LED 4K ROADLED MIDI Aeroscreen S-S","772: 120W LED 4K ROADLED MIDI Aeroscreen S-S",4,40.21,45.15,40.020000000000003,35.07,30.29,27.24,24.3,21.46,18.73,16.079999999999998,13.53,11.07,8.6999999999999993,6.41,4.1900000000000004,2.06,0,0,0,0,0,0,0,0,0,0,0,0,0,0,0,0,0,0,0,0,0,0]
[null,null,null,null,null,773,"121W LED 3K ROADLED MIDI Aeroscreen S-S","773: 121W LED 3K ROADLED MIDI Aeroscreen S-S",4,40.21,45.15,40.020000000000003,35.07,30.29,27.24,24.3,21.46,18.73,16.079999999999998,13.53,11.07,8.6999999999999993,6.41,4.1900000000000004,2.06,0,0,0,0,0,0,0,0,0,0,0,0,0,0,0,0,0,0,0,0,0,0]
[null,null,null,null,null,774,"275W LED ROADLED S-S","774: 275W LED ROADLED S-S",4,40.21,80.040000000000006,71.959999999999994,64.17,56.64,50.94,45.44,40.130000000000003,35.01,30.07,25.3,20.7,16.260000000000002,11.98,7.84,3.85,0,0,0,0,0,0,0,0,0,0,0,0,0,0,0,0,0,0,0,0,0,0]
[null,null,null,null,null,775,"254W LED 3K ROADLED MIDI STD Visor S-S","775: 254W LED 3K ROADLED MIDI STD Visor S-S",4,40.21,80.040000000000006,71.959999999999994,64.17,56.64,50.94,45.44,40.130000000000003,35.01,30.07,25.3,20.7,16.260000000000002,11.98,7.84,3.85,0,0,0,0,0,0,0,0,0,0,0,0,0,0,0,0,0,0,0,0,0,0]
[null,null,null,null,null,776,"230W LED Avento S-S","776: 230W LED Avento S-S",4,40.21,47.09,41.8,36.69,31.76,28.56,25.48,22.5,19.63,16.86,14.19,11.61,9.1199999999999992,6.72,4.4000000000000004,2.16,0,0,0,0,0,0,0,0,0,0,0,0,0,0,0,0,0,0,0,0,0,0]
[null,null,null,null,null,777,"205W LED 3K ROADLED MIDI Aeroscreen S-S","777: 205W LED 3K ROADLED MIDI Aeroscreen S-S",4,40.21,80.040000000000006,71.959999999999994,64.17,56.64,50.94,45.44,40.130000000000003,35.01,30.07,25.3,20.7,16.260000000000002,11.98,7.84,3.85,0,0,0,0,0,0,0,0,0,0,0,0,0,0,0,0,0,0,0,0,0,0]
[null,null,null,null,null,778,"30W LED ATS PLED MKII","778: 30W LED ATS PLED MKII",4,35.520000000000003,26.47,22.92,19.489999999999998,16.18,14.55,12.98,11.47,10,8.59,7.23,5.91,4.6500000000000004,3.42,2.2400000000000002,1.1000000000000001,0,0,0,0,0,0,0,0,0,0,0,0,0,0,0,0,0,0,0,0,0,0]
[null,null,null,null,null,779,"20W LED ATS PLED MKII","779: 20W LED ATS PLED MKII",4,35.520000000000003,20.149999999999999,17.14,14.23,11.42,10.27,9.16,8.09,7.06,6.06,5.0999999999999996,4.17,3.28,2.41,1.58,0.78,0,0,0,0,0,0,0,0,0,0,0,0,0,0,0,0,0,0,0,0,0,0]
[null,null,null,null,null,780,"13W LED ATS PLED MKII","780: 13W LED ATS PLED MKII",4,35.520000000000003,18.66,15.78,12.99,10.29,9.25,8.26,7.29,6.36,5.46,4.5999999999999996,3.76,2.95,2.1800000000000002,1.42,0.7,0,0,0,0,0,0,0,0,0,0,0,0,0,0,0,0,0,0,0,0,0,0]
[null,null,null,null,null,781,"74W LED ATS VLED","781: 74W LED ATS VLED",4,40.21,30.36,26.49,22.74,19.12,17.2,15.34,13.55,11.82,10.15,8.5399999999999991,6.99,5.49,4.04,2.65,1.3,0,0,0,0,0,0,0,0,0,0,0,0,0,0,0,0,0,0,0,0,0,0]
[null,null,null,null,null,782,"155W LED ATS VLED","782: 155W LED ATS VLED",4,40.21,37.18,32.729999999999997,28.43,24.27,21.83,19.47,17.2,15.01,12.89,10.84,8.8699999999999992,6.97,5.13,3.36,1.65,0,0,0,0,0,0,0,0,0,0,0,0,0,0,0,0,0,0,0,0,0,0]
[null,null,null,null,null,783,"290W LED ATS VLED","783: 290W LED ATS VLED",4,40.21,56.37,50.29,44.43,38.76,34.86,31.1,27.47,23.96,20.58,17.32,14.17,11.13,8.1999999999999993,5.37,2.64,0,0,0,0,0,0,0,0,0,0,0,0,0,0,0,0,0,0,0,0,0,0]
[null,null,null,null,null,851,"2x14W Energy Efficient Fluro - STD","851: 2x14W Energy Efficient Fluro - STD",4,50.4,50.89,47.28,43.79,40.42,37.17,34.020000000000003,30.99,28.07,25.24,22.52,19.89,17.350000000000001,14.9,12.54,10.26,8.06,5.93,3.89,1.91,0,0,0,0,0,0,0,0,0,0,0,0,0,0,0,0,0,0]
[null,null,null,null,null,852,"2x24W Energy Efficient Fluro - STD","852: 2x24W Energy Efficient Fluro - STD",4,50.4,54.98,51.08,47.31,43.66,40.15,36.75,33.479999999999997,30.32,27.27,24.32,21.48,18.739999999999998,16.100000000000001,13.54,11.08,8.6999999999999993,6.41,4.2,2.06,0,0,0,0,0,0,0,0,0,0,0,0,0,0,0,0,0,0]
[null,null,null,null,null,853,"1x42W Compact Fluorescent - STD","853: 1x42W Compact Fluorescent - STD",4,50.98,44.25,41.11,38.08,35.15,32.31,29.58,26.95,24.4,21.95,19.579999999999998,17.29,15.09,12.96,10.9,8.92,7.01,5.16,3.38,1.66,0,0,0,0,0,0,0,0,0,0,0,0,0,0,0,0,0,0]
[null,null,null,null,null,854,"50W Mercury - STANDARD","854: 50W Mercury - STANDARD",4,51.41,38.69,35.94,33.29,30.73,28.26,25.87,23.56,21.34,19.190000000000001,17.12,15.12,13.19,11.33,9.5299999999999994,7.8,6.13,4.51,2.95,1.45,0,0,0,0,0,0,0,0,0,0,0,0,0,0,0,0,0,0]
[null,null,null,null,null,855,"80W Mercury - STANDARD","855: 80W Mercury - STANDARD",4,50.56,43.06,40.01,37.06,34.21,31.45,28.79,26.23,23.75,21.36,19.059999999999999,16.829999999999998,14.68,12.61,10.61,8.68,6.82,5.0199999999999996,3.29,1.61,0,0,0,0,0,0,0,0,0,0,0,0,0,0,0,0,0,0]
[null,null,null,null,null,856,"70W Sodium - STANDARD","856: 70W Sodium - STANDARD",4,52.13,43.52,40.44,37.450000000000003,34.57,31.79,29.1,26.51,24,21.59,19.260000000000002,17.010000000000002,14.84,12.75,10.72,8.77,6.89,5.08,3.32,1.63,0,0,0,0,0,0,0,0,0,0,0,0,0,0,0,0,0,0]
[null,null,null,null,null,857,"100W Sodium - STANDARD","857: 100W Sodium - STANDARD",4,53.34,52.88,49.13,45.5,42,38.619999999999997,35.35,32.200000000000003,29.16,26.23,23.4,20.66,18.03,15.48,13.03,10.66,8.3699999999999992,6.17,4.04,1.98,0,0,0,0,0,0,0,0,0,0,0,0,0,0,0,0,0,0]
[null,null,null,null,null,858,"100W Metal Halide - STANDARD","858: 100W Metal Halide - STANDARD",4,0,55.09,51.18,47.4,43.75,40.229999999999997,36.83,33.549999999999997,30.38,27.32,24.37,21.53,18.78,16.13,13.57,11.1,8.7200000000000006,6.42,4.21,2.0699999999999998,0,0,0,0,0,0,0,0,0,0,0,0,0,0,0,0,0,0]
[null,null,null,null,null,859,"150W Sodium - STANDARD","859: 150W Sodium - STANDARD",4,59.39,51.01,47.39,43.89,40.520000000000003,37.25,34.1,31.06,28.13,25.3,22.57,19.93,17.39,14.94,12.57,10.28,8.08,5.95,3.89,1.91,0,0,0,0,0,0,0,0,0,0,0,0,0,0,0,0,0,0]
[null,null,null,null,null,860,"150W Metal Halide - STANDARD","860: 150W Metal Halide - STANDARD",4,63.53,52.53,48.8,45.2,41.72,38.36,35.11,31.99,28.97,26.05,23.24,20.53,17.91,15.38,12.94,10.59,8.32,6.12,4.01,1.97,0,0,0,0,0,0,0,0,0,0,0,0,0,0,0,0,0,0]
[null,null,null,null,null,861,"250W Sodium - STANDARD","861: 250W Sodium - STANDARD",4,62.27,53.93,50.1,46.4,42.83,39.380000000000003,36.049999999999997,32.840000000000003,29.74,26.75,23.86,21.07,18.39,15.79,13.29,10.87,8.5399999999999991,6.29,4.12,2.02,0,0,0,0,0,0,0,0,0,0,0,0,0,0,0,0,0,0]
[null,null,null,null,null,862,"250W Metal Halide - STANDARD","862: 250W Metal Halide - STANDARD",4,62.71,54.09,50.25,46.54,42.96,39.5,36.159999999999997,32.94,29.83,26.83,23.93,21.14,18.440000000000001,15.84,13.33,10.9,8.56,6.31,4.13,2.0299999999999998,0,0,0,0,0,0,0,0,0,0,0,0,0,0,0,0,0,0]
[null,null,null,null,null,863,"400W Sodium - STANDARD","863: 400W Sodium - STANDARD",4,60.06,62.95,58.48,54.16,49.99,45.97,42.08,38.33,34.71,31.22,27.85,24.6,21.46,18.43,15.51,12.69,9.9700000000000006,7.34,4.8099999999999996,2.36,0,0,0,0,0,0,0,0,0,0,0,0,0,0,0,0,0,0]
[null,null,null,null,null,864,"80W Mercury - AEROSCREEN","864: 80W Mercury - AEROSCREEN",4,59.02,43.06,40.01,37.06,34.21,31.45,28.79,26.23,23.75,21.36,19.059999999999999,16.829999999999998,14.68,12.61,10.61,8.68,6.82,5.0199999999999996,3.29,1.61,0,0,0,0,0,0,0,0,0,0,0,0,0,0,0,0,0,0]
[null,null,null,null,null,865,"150W Sodium - AEROSCREEN","865: 150W Sodium - AEROSCREEN",4,59.39,56.42,52.41,48.54,44.81,41.2,37.72,34.35,31.11,27.98,24.96,22.05,19.23,16.52,13.9,11.37,8.93,6.58,4.3099999999999996,2.12,0,0,0,0,0,0,0,0,0,0,0,0,0,0,0,0,0,0]
[null,null,null,null,null,866,"150W Metal Halide - AEROSCREEN","866: 150W Metal Halide - AEROSCREEN",4,63.53,57.93,53.82,49.85,46.01,42.3,38.729999999999997,35.28,31.95,28.73,25.63,22.64,19.75,16.96,14.27,11.68,9.17,6.76,4.42,2.17,0,0,0,0,0,0,0,0,0,0,0,0,0,0,0,0,0,0]
[null,null,null,null,null,867,"25W LED P4 Gerard","867: 25W LED P4 Gerard",4,35.520000000000003,41.22,37.75,34.39,31.15,28.01,24.99,22.07,19.260000000000002,16.54,13.92,11.39,8.94,6.59,4.3099999999999996,2.12,0,0,0,0,0,0,0,0,0,0,0,0,0,0,0,0,0,0,0,0,0,0]
[null,null,null,null,null,868,"250W Sodium (w/o PECB) - AEROSCREEN","868: 250W Sodium (w/o PECB) - AEROSCREEN",4,62.27,56.24,52.25,48.39,44.67,41.07,37.6,34.25,31.01,27.89,24.88,21.98,19.170000000000002,16.47,13.86,11.34,8.9,6.56,4.29,2.11,0,0,0,0,0,0,0,0,0,0,0,0,0,0,0,0,0,0]
[null,null,null,null,null,869,"250W Metal Halide - AEROSCREEN","869: 250W Metal Halide - AEROSCREEN",4,62.71,56.4,52.39,48.53,44.79,41.18,37.700000000000003,34.340000000000003,31.1,27.97,24.95,22.04,19.23,16.510000000000002,13.89,11.37,8.93,6.58,4.3099999999999996,2.11,0,0,0,0,0,0,0,0,0,0,0,0,0,0,0,0,0,0]
[null,null,null,null,null,870,"400W Sodium - AEROSCREEN","870: 400W Sodium - AEROSCREEN",4,60.06,61.46,57.1,52.88,48.81,44.88,41.09,37.43,33.89,30.48,27.19,24.02,20.95,18,15.14,12.39,9.73,7.17,4.6900000000000004,2.2999999999999998,0,0,0,0,0,0,0,0,0,0,0,0,0,0,0,0,0,0]
[null,null,null,null,null,871,"400W Metal Halide - AEROSCREEN","871: 400W Metal Halide - AEROSCREEN",4,62.28,62.27,57.85,53.58,49.46,45.47,41.63,37.92,34.340000000000003,30.88,27.55,24.33,21.23,18.23,15.34,12.55,9.86,7.26,4.75,2.33,0,0,0,0,0,0,0,0,0,0,0,0,0,0,0,0,0,0]
[null,null,null,null,null,872,"80W Mercury - POST TOP","872: 80W Mercury - POST TOP",4,50.56,77.12,71.64,66.349999999999994,61.24,56.31,51.55,46.95,42.52,38.24,34.119999999999997,30.13,26.29,22.58,19,15.54,12.21,8.99,5.89,2.89,0,0,0,0,0,0,0,0,0,0,0,0,0,0,0,0,0,0]
[null,null,null,null,null,873,"250W Sodium - FLOODLIGHT","873: 250W Sodium - FLOODLIGHT",4,54.97,79.38,73.739999999999995,68.290000000000006,63.03,57.96,53.06,48.33,43.77,39.36,35.11,31.01,27.06,23.24,19.55,16,12.57,9.25,6.06,2.98,0,0,0,0,0,0,0,0,0,0,0,0,0,0,0,0,0,0]
[null,null,null,null,null,874,"250W Metal Halide - FLOODLIGHT","874: 250W Metal Halide - FLOODLIGHT",4,55.4,79.540000000000006,73.89,68.430000000000007,63.16,58.07,53.16,48.43,43.85,39.44,35.18,31.08,27.11,23.28,19.59,16.03,12.59,9.27,6.07,2.98,0,0,0,0,0,0,0,0,0,0,0,0,0,0,0,0,0,0]
[null,null,null,null,null,875,"400W Sodium - FLOODLIGHT","875: 400W Sodium - FLOODLIGHT",4,52.75,81.599999999999994,75.8,70.2,64.8,59.58,54.54,49.68,44.99,40.46,36.1,31.88,27.81,23.89,20.100000000000001,16.440000000000001,12.92,9.51,6.23,3.06,0,0,0,0,0,0,0,0,0,0,0,0,0,0,0,0,0,0]
[null,null,null,null,null,876,"400W Metal Halide - FLOODLIGHT","876: 400W Metal Halide - FLOODLIGHT",4,54.97,82.41,76.55,70.900000000000006,65.44,60.17,55.08,50.17,45.44,40.869999999999997,36.450000000000003,32.200000000000003,28.09,24.13,20.3,16.61,13.05,9.61,6.29,3.09,0,0,0,0,0,0,0,0,0,0,0,0,0,0,0,0,0,0]
[null,null,null,null,null,877,"Suburban 70W HPS c/w D2 PECB - STD","877: Suburban 70W HPS c/w D2 PECB - STD",4,52.13,43.52,40.44,37.450000000000003,34.57,31.79,29.1,26.51,24,21.59,19.260000000000002,17.010000000000002,14.84,12.75,10.72,8.77,6.89,5.08,3.32,1.63,0,0,0,0,0,0,0,0,0,0,0,0,0,0,0,0,0,0]
[null,null,null,null,null,878,"Urban A/Screen 42W CFL c/w D2 PECB","878: Urban A/Screen 42W CFL c/w D2 PECB",4,50.98,55.68,51.72,47.91,44.22,40.659999999999997,37.22,33.9,30.7,27.61,24.63,21.76,18.98,16.3,13.72,11.22,8.82,6.49,4.25,2.09,0,0,0,0,0,0,0,0,0,0,0,0,0,0,0,0,0,0]
[null,null,null,null,null,879,"Roadster A/Screen 100W HPS c/w PECB","879: Roadster A/Screen 100W HPS c/w PECB",4,60.66,52.88,49.13,45.5,42,38.619999999999997,35.35,32.200000000000003,29.16,26.23,23.4,20.66,18.03,15.48,13.03,10.66,8.3699999999999992,6.17,4.04,1.98,0,0,0,0,0,0,0,0,0,0,0,0,0,0,0,0,0,0]
[null,null,null,null,null,880,"B2001 42WCFL c/w D2 PECB green - PT","880: B2001 42WCFL c/w D2 PECB green - PT",4,50.98,83.8,77.849999999999994,72.099999999999994,66.55,61.19,56.02,51.02,46.21,41.56,37.07,32.74,28.57,24.53,20.64,16.89,13.27,9.77,6.4,3.14,0,0,0,0,0,0,0,0,0,0,0,0,0,0,0,0,0,0]
[null,null,null,null,null,881,"150W Sodium - FLOODLIGHT","881: 150W Sodium - FLOODLIGHT",4,52.07,77.66,72.150000000000006,66.819999999999993,61.67,56.71,51.91,47.29,42.82,38.51,34.36,30.34,26.47,22.74,19.13,15.65,12.29,9.0500000000000007,5.93,2.91,0,0,0,0,0,0,0,0,0,0,0,0,0,0,0,0,0,0]
[null,null,null,null,null,882,"150W Metal Halide - FLOODLIGHT","882: 150W Metal Halide - FLOODLIGHT",4,56.23,79.180000000000007,73.55,68.12,62.87,57.81,52.92,48.21,43.66,39.26,35.020000000000003,30.93,26.99,23.18,19.5,15.96,12.53,9.23,6.04,2.97,0,0,0,0,0,0,0,0,0,0,0,0,0,0,0,0,0,0]
[null,null,null,null,null,883,"1x42W Compact Fluorescent - STD","883: 1x42W Compact Fluorescent - STD",4,50.98,44.25,41.11,38.08,35.15,32.31,29.58,26.95,24.4,21.95,19.579999999999998,17.29,15.09,12.96,10.9,8.92,7.01,5.16,3.38,1.66,0,0,0,0,0,0,0,0,0,0,0,0,0,0,0,0,0,0]
[null,null,null,null,null,884,"250W Sodium - STANDARD","884: 250W Sodium - STANDARD",4,62.27,53.93,50.1,46.4,42.83,39.380000000000003,36.049999999999997,32.840000000000003,29.74,26.75,23.86,21.07,18.39,15.79,13.29,10.87,8.5399999999999991,6.29,4.12,2.02,0,0,0,0,0,0,0,0,0,0,0,0,0,0,0,0,0,0]
[null,null,null,null,null,885,"18W LED P4 Gerard","885: 18W LED P4 Gerard",4,35.520000000000003,41.22,37.75,34.39,31.15,28.01,24.99,22.07,19.260000000000002,16.54,13.92,11.39,8.94,6.59,4.3099999999999996,2.12,0,0,0,0,0,0,0,0,0,0,0,0,0,0,0,0,0,0,0,0,0,0]
[null,null,null,null,null,886,"42W LED P3 Gerard","886: 42W LED P3 Gerard",4,40.21,45.19,41.38,37.700000000000003,34.14,30.71,27.39,24.19,21.11,18.13,15.25,12.48,9.8000000000000007,7.22,4.7300000000000004,2.3199999999999998,0,0,0,0,0,0,0,0,0,0,0,0,0,0,0,0,0,0,0,0,0,0]
[null,null,null,null,null,887,"33W LED P4 Pecan","887: 33W LED P4 Pecan",4,35.520000000000003,49.13,44.99,40.99,37.119999999999997,33.380000000000003,29.78,26.3,22.95,19.71,16.579999999999998,13.57,10.66,7.85,5.14,2.52,0,0,0,0,0,0,0,0,0,0,0,0,0,0,0,0,0,0,0,0,0,0]
[null,null,null,null,null,888,"25W LED P4 Gerard","888: 25W LED P4 Gerard",4,35.520000000000003,41.22,37.75,34.39,31.15,28.01,24.99,22.07,19.260000000000002,16.54,13.92,11.39,8.94,6.59,4.3099999999999996,2.12,0,0,0,0,0,0,0,0,0,0,0,0,0,0,0,0,0,0,0,0,0,0]
[null,null,null,null,null,889,"17W LED Cat P Luminaire","889: 17W LED Cat P Luminaire",4,35.520000000000003,41.22,37.75,34.39,31.15,28.01,24.99,22.07,19.260000000000002,16.54,13.92,11.39,8.94,6.59,4.3099999999999996,2.12,0,0,0,0,0,0,0,0,0,0,0,0,0,0,0,0,0,0,0,0,0,0]
[null,null,null,null,null,890,"Bracket - Minor <=3m","890: Bracket - Minor <=3m",4,9.9,9.67,17.45,16.579999999999998,15.74,14.93,14.15,13.4,12.67,11.97,11.29,10.63,10,9.39,8.81,8.24,7.69,7.16,6.65,6.16,5.69,5.23,4.79,4.3600000000000003,3.95,3.55,3.17,2.8,2.44,2.1,1.76,1.44,1.1299999999999999,0.83,0.55000000000000004,0.27,0,0]
[null,null,null,null,null,891,"Bracket - Major >3m","891: Bracket - Major >3m",4,13.2,12.89,107.98,102.6,97.41,92.4,87.57,82.9,78.39,74.05,69.849999999999994,65.81,61.9,58.13,54.49,50.98,47.6,44.33,41.17,38.130000000000003,35.19,32.36,29.62,26.98,24.43,21.98,19.600000000000001,17.309999999999999,15.1,12.97,10.92,8.93,7.02,5.17,3.38,1.66,0,0]
[null,null,null,null,null,895,"Pole (Wood) - Minor - DEDICATED SL <=11m","895: Pole (Wood) - Minor - DEDICATED SL <=11m",4,23.1,22.55,440.21,418.39,397.29,376.88,357.16,338.12,319.75,302.02,284.91000000000003,268.39999999999998,252.47,237.1,222.26,207.94,194.13,180.8,167.93,155.51,143.53,131.97,120.81,110.05,99.66,89.63,79.959999999999994,70.62,61.61,52.91,44.52,36.43,28.61,21.07,13.8,6.78,0,0]
[null,null,null,null,null,896,"Pole (Wood) - Major - DEDICATED SL >11m","896: Pole (Wood) - Major - DEDICATED SL >11m",4,33.46,32.67,817.62,777.1,737.92,700.02,663.37,628.02,593.89,560.96,529.19000000000005,498.52,468.93,440.38,412.82,386.23,360.57,335.81,311.91000000000003,288.85000000000002,266.60000000000002,245.12,224.4,204.4,185.1,166.48,148.51,131.16999999999999,114.43,98.28,82.7,67.66,53.15,39.14,25.63,12.59,0,0]
[null,null,null,null,null,897,"Pole (Wood) - Minor   <=11m","897: Pole (Wood) - Minor <= 11m",4,0,0,0,0,0,0,0,0,0,0,0,0,0,0,0,0,0,0,0,0,0,0,0,0,0,0,0,0,0,0,0,0,0,0,0,0,0,0]
[null,null,null,null,null,898,"Pole (Wood) - Major  >11m","898: Pole (Wood) - Major  >11m",4,0,0,0,0,0,0,0,0,0,0,0,0,0,0,0,0,0,0,0,0,0,0,0,0,0,0,0,0,0,0,0,0,0,0,0,0,0,0]
[null,null,null,null,null,899,"Smart Node NBIOT - Minor Rd","899: Smart Node NBIOT - Minor Rd",4,26.556994746186714,0,0,0,0,0,0,0,0,0,0,0,0,0,0,0,0,0,0,0,0,0,0,0,0,0,0,0,0,0,0,0,0,0,0,0,0,0]
[null,null,null,null,null,900,"Smart Node NBIOT - Major Rd","900: Smart Node NBIOT - Major Rd",4,28.742466835604255,0,0,0,0,0,0,0,0,0,0,0,0,0,0,0,0,0,0,0,0,0,0,0,0,0,0,0,0,0,0,0,0,0,0,0,0,0]
[null,null,null,null,null,901,"Column (Aluminium) - Minor <=9m","901: Column (Aluminium) - Minor <=9m",4,19.089437284498569,0,0,0,0,0,0,0,0,0,0,0,0,0,0,0,0,0,0,0,0,0,0,0,0,0,0,0,0,0,0,0,0,0,0,0,0,0]
[null,null,null,null,null,902,"Column (Aluminium) - Major >9m","902: Column (Aluminium) - Major >9m",4,29.202814908202527,0,0,0,0,0,0,0,0,0,0,0,0,0,0,0,0,0,0,0,0,0,0,0,0,0,0,0,0,0,0,0,0,0,0,0,0,0]
[null,null,null,null,null,950,"82W LED Gerard V5 Cat Luminaire","950: 82W LED Gerard V5 Cat Luminaire",4,40.21,72.75,66.61,60.68,54.96,49.43,44.09,38.94,33.97,29.18,24.55,20.09,15.78,11.62,7.61,3.74,0,0,0,0,0,0,0,0,0,0,0,0,0,0,0,0,0,0,0,0,0,0]
[null,null,null,null,null,951,"100W LED Gerard V4 Cat Luminaire","951: 100W LED Gerard V4 Cat Luminaire",4,40.21,72.75,66.61,60.68,54.96,49.43,44.09,38.94,33.97,29.18,24.55,20.09,15.78,11.62,7.61,3.74,0,0,0,0,0,0,0,0,0,0,0,0,0,0,0,0,0,0,0,0,0,0]
[null,null,null,null,null,952,"198W LED Gerard V2/V3 Cat Luminaire","952: 198W LED Gerard V2/V3 Cat Luminaire",4,40.21,85.42,78.2,71.239999999999995,64.52,58.03,51.76,45.72,39.89,34.26,28.82,23.58,18.52,13.64,8.93,4.3899999999999997,0,0,0,0,0,0,0,0,0,0,0,0,0,0,0,0,0,0,0,0,0,0]
[null,null,null,null,null,953,"33W LED P3 Gerard","953: 33W LED P3 Gerard",4,35.520000000000003,45.19,41.38,37.700000000000003,34.14,30.71,27.39,24.19,21.11,18.13,15.25,12.48,9.8000000000000007,7.22,4.7300000000000004,2.3199999999999998,0,0,0,0,0,0,0,0,0,0,0,0,0,0,0,0,0,0,0,0,0,0]
[null,null,null,null,null,955,"75W LED Aglo Nilum Plus FLOODLIGHT","955: 75W LED Aglo Nilum Plus FLOODLIGHT",4,35.520000000000003,60.58,55.47,50.53,45.76,41.16,36.72,32.43,28.29,24.3,20.440000000000001,16.73,13.14,9.68,6.34,3.11,0,0,0,0,0,0,0,0,0,0,0,0,0,0,0,0,0,0,0,0,0,0]
[null,null,null,null,null,956,"100W LED Aglo Nilum Plus FLOODLIGHT","956: 100W LED Aglo Nilum Plus FLOODLIGHT",4,35.520000000000003,63.01,57.69,52.56,47.6,42.81,38.19,33.729999999999997,29.43,25.27,21.27,17.399999999999999,13.67,10.07,6.59,3.24,0,0,0,0,0,0,0,0,0,0,0,0,0,0,0,0,0,0,0,0,0,0]
[null,null,null,null,null,957,"150W LED Aglo Nilum Plus FLOODLIGHT","957: 150W LED Aglo Nilum Plus FLOODLIGHT",4,35.520000000000003,67.88,62.15,56.62,51.28,46.12,41.14,36.340000000000003,31.7,27.23,22.91,18.739999999999998,14.72,10.84,7.1,3.49,0,0,0,0,0,0,0,0,0,0,0,0,0,0,0,0,0,0,0,0,0,0]
[null,null,null,null,null,958,"300W LED Aglo Nilum Plus FLOODLIGHT","958: 300W LED Aglo Nilum Plus FLOODLIGHT",4,35.520000000000003,98.42,90.11,82.08,74.34,66.86,59.64,52.68,45.96,39.47,33.21,27.17,21.34,15.72,10.29,5.05,0,0,0,0,0,0,0,0,0,0,0,0,0,0,0,0,0,0,0,0,0,0]
[null,null,null,null,null,959,"60W LED RoadLED Midi Optic Tuner","959: 60W LED RoadLED Midi Optic Tuner",4,40.21,47.41,42.09,36.96,32,28.78,25.67,22.67,19.78,16.989999999999998,14.29,11.7,9.19,6.77,4.43,2.1800000000000002,0,0,0,0,0,0,0,0,0,0,0,0,0,0,0,0,0,0,0,0,0,0]
[null,null,null,null,null,960,"80W LED RoadLED Midi Optic Tuner","960: 80W LED RoadLED Midi Optic Tuner",4,40.21,55.2,49.22,43.45,37.880000000000003,34.07,30.39,26.84,23.42,20.11,16.920000000000002,13.85,10.88,8.01,5.24,2.58,0,0,0,0,0,0,0,0,0,0,0,0,0,0,0,0,0,0,0,0,0,0]
[null,null,null,null,null,961,"70W LED RoadLED Midi","961: 70W LED RoadLED Midi",4,40.21,41.56,36.74,32.08,27.58,24.81,22.13,19.55,17.05,14.65,12.32,10.08,7.92,5.83,3.82,1.88,0,0,0,0,0,0,0,0,0,0,0,0,0,0,0,0,0,0,0,0,0,0]
[null,null,null,null,null,962,"80W LED RoadLED Midi","962: 80W LED RoadLED Midi",4,40.21,43.51,38.520000000000003,33.71,29.05,26.13,23.31,20.59,17.96,15.43,12.98,10.62,8.34,6.14,4.0199999999999996,1.98,0,0,0,0,0,0,0,0,0,0,0,0,0,0,0,0,0,0,0,0,0,0]
[null,null,null,null,null,964,"165W LED RoadLED Midi","964: 165W LED RoadLED Midi",4,40.21,44.97,39.86,34.92,30.16,27.12,24.2,21.37,18.64,16.010000000000002,13.47,11.02,8.66,6.38,4.18,2.0499999999999998,0,0,0,0,0,0,0,0,0,0,0,0,0,0,0,0,0,0,0,0,0,0]
[null,null,null,null,null,965,"17W LED B2001 NUWE Post Top","965: 17W LED B2001 NUWE Post Top",4,35.520000000000003,58.61,52.34,46.3,40.450000000000003,36.380000000000003,32.46,28.67,25.01,21.48,18.07,14.79,11.62,8.5500000000000007,5.6,2.75,0,0,0,0,0,0,0,0,0,0,0,0,0,0,0,0,0,0,0,0,0,0]
[null,null,null,null,null,967,"150W LED SLED Maximus Pedestrian","967: 150W LED SLED Maximus Pedestrian",4,35.520000000000003,65.430000000000007,58.59,51.98,45.6,41.02,36.590000000000003,32.32,28.19,24.21,20.37,16.670000000000002,13.09,9.64,6.31,3.1,0,0,0,0,0,0,0,0,0,0,0,0,0,0,0,0,0,0,0,0,0,0]
[null,null,null,null,null,968,"175W LED SLED Maximus Pedestrian","968: 175W LED SLED Maximus Pedestrian",4,35.520000000000003,76.63,68.84,61.32,54.06,48.62,43.37,38.31,33.42,28.71,24.15,19.760000000000002,15.52,11.43,7.48,3.68,0,0,0,0,0,0,0,0,0,0,0,0,0,0,0,0,0,0,0,0,0,0]
[null,null,null,null,null,969,"150W LED 4K FLX ATS FloodX ","969: 150W LED 4K FLX ATS FloodX ",4,41.278666879382385,0,0,0,0,0,0,0,0,0,0,0,0,0,0,0,0,0,0,0,0,0,0,0,0,0,0,0,0,0,0,0,0,0,0,0,0,0]
[null,null,null,null,null,970,"150W LED 3K FLX ATS FloodX ","970: 150W LED 3K FLX ATS FloodX ",4,41.278666879382385,0,0,0,0,0,0,0,0,0,0,0,0,0,0,0,0,0,0,0,0,0,0,0,0,0,0,0,0,0,0,0,0,0,0,0,0,0]
[null,null,null,null,null,971,"250W LED 4K FLX ATS FloodX ","971: 250W LED 4K FLX ATS FloodX ",4,41.278666879382385,0,0,0,0,0,0,0,0,0,0,0,0,0,0,0,0,0,0,0,0,0,0,0,0,0,0,0,0,0,0,0,0,0,0,0,0,0]
[null,null,null,null,null,972,"250W LED 3K FLX ATS FloodX ","972: 250W LED 3K FLX ATS FloodX ",4,41.278666879382385,0,0,0,0,0,0,0,0,0,0,0,0,0,0,0,0,0,0,0,0,0,0,0,0,0,0,0,0,0,0,0,0,0,0,0,0,0]
[null,null,null,null,null,973,"80W Bourke Hill 3K FTB","973: 80W Bourke Hill 3K FTB",4,41.278666879382385,0,0,0,0,0,0,0,0,0,0,0,0,0,0,0,0,0,0,0,0,0,0,0,0,0,0,0,0,0,0,0,0,0,0,0,0,0]
[null,null,null,null,null,974,"150W PVILLE 3K FTB","974: 150W PVILLE 3K FTB",4,41.278666879382385,0,0,0,0,0,0,0,0,0,0,0,0,0,0,0,0,0,0,0,0,0,0,0,0,0,0,0,0,0,0,0,0,0,0,0,0,0]
[null,null,null,null,null,975,"14W Bourke Hill Ave 3K Side Entry","975: 14W Bourke Hill Ave 3K Side Entry",4,41.278666879382385,0,0,0,0,0,0,0,0,0,0,0,0,0,0,0,0,0,0,0,0,0,0,0,0,0,0,0,0,0,0,0,0,0,0,0,0,0]
[null,null,null,null,null,976,"14W Bourke Hill Ave 3K Top Entry","976: 14W Bourke Hill Ave 3K Top Entry",4,41.278666879382385,0,0,0,0,0,0,0,0,0,0,0,0,0,0,0,0,0,0,0,0,0,0,0,0,0,0,0,0,0,0,0,0,0,0,0,0,0]
[null,null,null,null,null,990,"Outreach - Minor <=2m","990: Outreach - Minor <=2m",4,12.56,21.78,20.7,19.649999999999999,18.64,17.66,16.72,15.81,14.94,14.09,13.27,12.49,11.73,10.99,10.28,9.6,8.94,8.3000000000000007,7.69,7.1,6.53,5.97,5.44,4.93,4.43,3.95,3.49,3.05,2.62,2.2000000000000002,1.8,1.42,1.04,0.68,0.34,0,0,0]
[null,null,null,null,null,991,"Outreach - Major >2m","991: Outreach - Major >2m",4,14.12,44.95,42.72,40.56,38.479999999999997,36.46,34.520000000000003,32.64,30.83,29.09,27.4,25.77,24.2,22.69,21.23,19.82,18.46,17.14,15.88,14.65,13.47,12.33,11.23,10.17,9.15,8.16,7.21,6.29,5.4,4.55,3.72,2.92,2.15,1.41,0.69,0,0,0]
[null,null,null,null,null,992,"Outreach Aluminium - Minor <=3m","992: Outreach Aluminium - Minor <=3m",4,12.726291522999055,0,0,0,0,0,0,0,0,0,0,0,0,0,0,0,0,0,0,0,0,0,0,0,0,0,0,0,0,0,0,0,0,0,0,0,0,0]
[null,null,null,null,null,993,"Outreach Aluminium - Major >3m","993: Outreach Aluminium - Major >3m",4,16.941789861059259,0,0,0,0,0,0,0,0,0,0,0,0,0,0,0,0,0,0,0,0,0,0,0,0,0,0,0,0,0,0,0,0,0,0,0,0,0]
[null,null,null,null,null,995,"Column (Steel) - Minor <=9m","995: Column (Steel) - Minor <=9m",4,18.84,176.9,168.1,159.6,151.4,143.47,135.82,128.44,121.32,114.45,107.82,101.42,95.24,89.28,83.53,77.98,72.63,67.459999999999994,62.47,57.66,53.01,48.53,44.21,40.03,36.01,32.119999999999997,28.37,24.75,21.26,17.89,14.63,11.49,8.4700000000000006,5.54,2.72,0,0,0]
[null,null,null,null,null,996,"Column (Steel) - Major >9m","996: Column (Steel) - Major >9m",4,24.35,247.25,235,223.14,211.68,200.6,189.91,179.59,169.63,160.02000000000001,150.75,141.80000000000001,133.16999999999999,124.83,116.79,109.03,101.55,94.32,87.35,80.62,74.12,67.86,61.81,55.97,50.34,44.91,39.659999999999997,34.6,29.72,25.01,20.46,16.07,11.84,7.75,3.81,0,0,0]

{"sheet":"Customer List","index":6,"n_rows":35,"n_cols":4,"rows_kept":35,"cut":false,"hidden":true,"merged":[]}
["Customer","Address","Suburb","Attention"]
["Bankstown City Council                  ","PO Box 8","BANKSTOWN NSW 1885","Manager of Roads & Infratructure"]
["Blacktown City Council                  ","PO Box 63","BLACKTOWN   NSW   2148","Mr Andy Karklins"]
["Blue Mountains City Council             ","Locked Bag 1005","KATOOMBA   NSW   2780","Mr Alan Cattermole"]
["Camden City Council","PO Box 183","CAMDEN   NSW   2570","Mr Adam Wilkinson"]
["Campbelltown City Council               ","PO Box 57","CAMPBELLTOWN   NSW   2560","Holly Sutherland"]
["Council of the City of Shellharbour ","PO Box 155","SHELLHARBOUR CITY CENTRE   NSW   2529","Mr Max Boenisch"]
["Cumberland City Council","PO Box 42","MERRYLANDS NSW 2160","Finance Manager"]
["Bathurst Regional Council","Private Mail Bag 17","BATHURST NSW 2795","Mr David Sherley "]
["Fairfield City Council                  ","PO Box 21","FAIRFIELD NSW 1860","Mr David Niven"]
["Hawkesbury City Council                 ","PO Box 146","WINDSOR   NSW   2756","Accounts Payable"]
["HMAS Albatross (Department of Defence)","CP26157 Campbell Park Offices","CANBERRA ACT 2600","ENERGY SERVICES"]
["Hornsby City Council","PO Box 37","HORNSBY NSW 2077","Mr Alan Boyd"]
["Kiama Municipal Council                 ","PO Box 75","KIAMA NSW 2533","Accounts Payable"]
["Lithgow City Council","PO Box 19","LITHGOW NSW 2790","Mr Iain Stewart"]
["Liverpool City Council                  ","PO Box 64","LIVERPOOL  NSW  2170","Bozenab Blasko"]
["Mid Western Regional Council","PO Box 156","MUDGEE   NSW   2850","Accounts Payable"]
["NSW Maritime Property Divisions","Locked Bag 5100","CAMPERDOWN   NSW   1450","Patrick McCallum\nPrincipal Engineer"]
["City of Parramatta","PO Box 32","PARRAMATTA   NSW   2150","Mr Andy Ling"]
["Penrith City Council                    ","PO Box 60","PENRITH NSW 2751","Mr Murray Halls"]
["Port Kembla Operations Pty Ltd","PO Box 89","PORT KEMBLA NSW 2505","Accounts Payable"]
["RTA, Traffic Asset Services (Corrimal)","L9 Sydney Project Services. 27 Argyle St","PARRAMATTA NSW 2150","Mr Harbans Puria"]
["RTA, Traffic Asset Services\n(M7)","L9 Sydney Project Services. 27 Argyle St","PARRAMATTA NSW 2150","Mr Harbans Puria"]
["RTA, Traffic Asset Services\n(Parkes)","L9 Sydney Project Services. 27 Argyle St","PARRAMATTA NSW 2150","Mr Harbans Puria"]
["RTA, Traffic Asset Services\n(National Highway)","L9 Sydney Project Services. 27 Argyle St","PARRAMATTA NSW 2150","Mr Harbans Puria"]
["RTA, Traffic Asset Services\n(State Roads)","L9 Sydney Project Services. 27 Argyle St","PARRAMATTA NSW 2150","Mr Harbans Puria"]
["RTA (Unmetered Lighting)","L9 Sydney Project Services. 27 Argyle St","PARRAMATTA NSW 2150","Mr Harbans Puria"]
["Ryde City Council                  ","Locked Bag 2069","NORTH RYDE   NSW   1670","Accounts Payable"]
["Shoalhaven City Council                 ","PO Box 42","NOWRA NSW 2541","Mr Bill Galea"]
["Sydney Catchment Authority","PO Box 323","PENRITH NSW 2751","Mr Imran Bashir"]
["The Hills Shire Council","3 Columbia Court","BAULKHAM HILLS 2153","Ms Bev Osbourne"]
["The Department of Lands","PO Box 309","NOWRA NSW 2541","Ms Cindy Garner"]
["Wingecarribee Shire Council             ","PO Box 141","MOSS VALE   NSW   2577","Mr Rod Smith"]
["Wollondilly Shire Council               ","PO Box 21","PICTON   NSW   2571","Mr Charles Dunlop"]
["Wollongong City Council                 ","Locked Bag 8821","WOLLONGONG   NSW   2500","Ms Sonia Batziavalis"]

{"sheet":"Template","index":7,"n_rows":1,"n_cols":11,"rows_kept":1,"cut":false,"hidden":false,"merged":[]}
[null,{"$f":"IF(ISBLANK(A1),\"\",VLOOKUP(A1,Lookups!$H$1:$I$399,2,FALSE))","v":""},null,null,null,{"$f":"IF(ISBLANK(A1),\"\",IF(C1=\"Removed\",-1,1)*SUMIF(Lookups!H:H,A1, Lookups!J:J))","v":""},{"$f":"IF(ISBLANK(A1),\"\",F1*0.1)","v":""},{"$f":"IF(ISBLANK(A1),\"\",G1+F1)","v":""},{"$f":"IF(OR(ISBLANK(A1),ISBLANK(C1),C1=\"Installed\"), \"\", IFERROR(VLOOKUP(A1,Lookups!H:AU, IF(OR(B1=1,B1=2), 4, VLOOKUP('Page 4 - NOCC Detail'!E1,Lookups!A:B,2,FALSE) +3), FALSE), 0))","v":""},{"$f":"IF(I1=\"\",\"\",I1*0.1)","v":""},{"$f":"IF(I1=\"\",\"\",J1+I1)","v":""}]

{"sheet":"FY26 Staging","index":8,"n_rows":398,"n_cols":6,"rows_kept":398,"cut":false,"hidden":true,"merged":[]}
["Tariff Code","Tariff Description","Display Tariff","Annual Charge","Tariff Class","TC5"]
[13,"1 x 20 W Fluorescent",{"$f":"A2&\": \" &B2","v":"13: 1 x 20 W Fluorescent"},50.98,1,4]
[14,"2 x 20 W Fluorescent","14: 2 x 20 W Fluorescent",50.98,1,0]
[18,"1 x 40 W Fluorescent","18: 1 x 40 W Fluorescent",50.98,1,10.039999999999999]
[19,"2 x 40 W Fluorescent","19: 2 x 40 W Fluorescent",52.63,1,0]
[20,"2 x 40 W Fluorescent","20: 2 x 40 W Fluorescent",52.63,1,0]
[25,"400 W Sodium","25: 400 W Sodium",52.75,1,0]
[30,"250W Mercury","30: 250W Mercury",53.47,1,2]
[31,"400 W Mercury","31: 400 W Mercury",53.47,1,2.29]
[33,"100W Sodium","33: 100W Sodium",53.34,1,0]
[34,"90W Sodium","34: 90W Sodium",53.34,1,0]
[35,"250W Sodium","35: 250W Sodium",54.97,1,0]
[36,"400 W Sodium","36: 400 W Sodium",52.75,1,0]
[38,"250W Sodium","38: 250W Sodium",54.97,1,3.18]
[39,"310W Sodium","39: 310W Sodium",52.75,1,0]
[40,"400 W Sodium","40: 400 W Sodium",52.75,1,0]
[45,"400 W Sodium","45: 400 W Sodium",52.75,1,0]
[53,"250W Sodium","53: 250W Sodium",54.97,1,0]
[55,"250W Sodium","55: 250W Sodium",54.97,1,3.18]
[56,"310W Sodium","56: 310W Sodium",52.75,1,0]
[57,"400 W Sodium","57: 400 W Sodium",52.75,1,0]
[60,"2 x 250W Mercury","60: 2 x 250W Mercury",69.52,1,0]
[63,"1 x 40 W Fluorescent","63: 1 x 40 W Fluorescent",50.98,1,10.039999999999999]
[70,"1 x 40 W Fluorescent","70: 1 x 40 W Fluorescent",50.98,1,10.039999999999999]
[75,"2 x 40 W Fluorescent","75: 2 x 40 W Fluorescent",52.63,1,0]
[88,"4 x 600W Sodium","88: 4 x 600W Sodium",67.400000000000006,1,0]
[93,"80W Mercury","93: 80W Mercury",50.56,1,1.45]
[94,"125W Mercury","94: 125W Mercury",53.47,1,1.87]
[95,"250W Mercury","95: 250W Mercury",53.47,1,2]
[96,"400 W Mercury","96: 400 W Mercury",53.47,1,2.29]
[97,"125W Mercury","97: 125W Mercury",53.47,1,1.87]
[98,"250W Mercury","98: 250W Mercury",53.47,1,2]
[99,"400 W Mercury","99: 400 W Mercury",53.47,1,2.29]
[100,"2 x 250W Mercury","100: 2 x 250W Mercury",69.52,1,266.91000000000003]
[101,"2 x 250W Mercury","101: 2 x 250W Mercury",69.52,1,0]
[102,"2 x 400 W Sodium","102: 2 x 400 W Sodium",56.16,1,29.29]
[103,"2 x 250W Sodium","103: 2 x 250W Sodium",60.6,1,10.029999999999999]
[104,"80W Mercury","104: 80W Mercury",50.56,1,1.45]
[112,"2 x 20 W Fluorescent","112: 2 x 20 W Fluorescent",50.98,1,0]
[114,"250W Mercury","114: 250W Mercury",53.47,1,2]
[115,"400 W Mercury","115: 400 W Mercury",53.47,1,2.29]
[119,"250W Sodium","119: 250W Sodium",54.97,1,3.18]
[121,"400 W Mercury","121: 400 W Mercury",53.47,1,2.29]
[122,"400 W Mercury","122: 400 W Mercury",53.47,1,2.29]
[123,"400 W Sodium","123: 400 W Sodium",52.75,1,0]
[130,"400 W Sodium","130: 400 W Sodium",52.75,1,0]
[131,"125W Mercury","131: 125W Mercury",53.47,1,1.87]
[132,"250W Mercury","132: 250W Mercury",53.47,1,2]
[134,"250W Sodium","134: 250W Sodium",54.97,1,3.18]
[135,"2 x 400 W Sodium","135: 2 x 400 W Sodium",56.16,1,0]
[136,"2 x 400 W Sodium","136: 2 x 400 W Sodium",56.16,1,29.29]
[140,"250W Sodium","140: 250W Sodium",54.97,1,3.18]
[141,"250W Sodium","141: 250W Sodium",54.97,1,3.18]
[142,"150W Sodium","142: 150W Sodium",52.07,1,14.45]
[143,"150W Sodium","143: 150W Sodium",52.07,1,14.45]
[145,"4 x 600W Sodium","145: 4 x 600W Sodium",67.400000000000006,1,0]
[146,"2 x 400 W Sodium","146: 2 x 400 W Sodium",56.16,1,0]
[147,"80W Mercury","147: 80W Mercury",50.56,1,1.45]
[149,"80W Mercury","149: 80W Mercury",50.56,1,1.45]
[150,"120W Sodium","150: 120W Sodium",52.07,1,6.27]
[151,"2 x 400 W Sodium","151: 2 x 400 W Sodium",56.16,1,0]
[152,"2 x 400 W Sodium","152: 2 x 400 W Sodium",56.16,1,0]
[153,"2 x 400 W Sodium","153: 2 x 400 W Sodium",56.16,1,0]
[154,"250W Sodium","154: 250W Sodium",54.97,1,3.18]
[157,"120W Sodium","157: 120W Sodium",52.07,1,6.27]
[158,"125W Mercury",{"$f":"A66&\": \" &B66","v":"158: 125W Mercury"},53.47,1,1.87]
[159,"2 x 400 W Sodium","159: 2 x 400 W Sodium",56.16,1,29.29]
[162,"120W Sodium","162: 120W Sodium",52.07,1,6.27]
[163,"120W Sodium","163: 120W Sodium",52.07,1,6.27]
[167,"100W Sodium","167: 100W Sodium",53.34,1,10.62]
[168,"100W Sodium","168: 100W Sodium",53.34,1,10.62]
[169,"100W Sodium","169: 100W Sodium",53.34,1,10.62]
[170,"150W Sodium","170: 150W Sodium",52.07,1,14.45]
[171,"150W Sodium","171: 150W Sodium",52.07,1,14.45]
[173,"150W Sodium","173: 150W Sodium",52.07,1,14.45]
[177,"50W Mercury","177: 50W Mercury",51.41,1,2.46]
[182,"50W Sodium","182: 50W Sodium",53.34,1,47.15]
[183,"70W Sodium","183: 70W Sodium",52.13,1,8.27]
[184,"70W Sodium","184: 70W Sodium",52.13,1,8.27]
[185,"50W Mercury","185: 50W Mercury",51.41,1,2.46]
[186,"80W Mercury","186: 80W Mercury",50.56,1,1.45]
[187,"80W Mercury","187: 80W Mercury",50.56,1,1.45]
[188,"80W Mercury","188: 80W Mercury",50.56,1,1.45]
[190,"400 W Sodium","190: 400 W Sodium",52.75,1,0]
[193,"150W Sodium","193: 150W Sodium",52.07,1,14.45]
[194,"150W Sodium","194: 150W Sodium",52.07,1,14.45]
[195,"2 x 20 W Fluorescent","195: 2 x 20 W Fluorescent",50.98,1,0]
[196,"1000 W Metal Halide","196: 1000 W Metal Halide",67.400000000000006,1,0]
[197,"400 W Metal Halide","197: 400 W Metal Halide",54.97,1,12.61]
[198,"250 W Metal Halide","198: 250 W Metal Halide",55.4,1,60.19]
[199,"150 W Metal Halide","199: 150 W Metal Halide",56.23,1,346.35]
[211,"400 W Metal Halide","211: 400 W Metal Halide",54.97,1,12.61]
[212,"2 x 400 W Metal Halide","212: 2 x 400 W Metal Halide",115.17,1,547.36]
[213,"250 W Metal Halide","213: 250 W Metal Halide",55.4,1,60.19]
[214,"2 x 250 W Metal Halide","214: 2 x 250 W Metal Halide",92.21,1,285.92]
[215,"150 W Metal Halide","215: 150 W Metal Halide",56.23,1,346.35]
[216,"100 W Metal Halide","216: 100 W Metal Halide",59.4,1,44.59]
[217,"100 W Metal Halide","217: 100 W Metal Halide",59.4,1,44.59]
[218,"2 x 14 W Fluorescent","218: 2 x 14 W Fluorescent",50.4,1,48.65]
[219,"2 x 24 W Fluorescent","219: 2 x 24 W Fluorescent",50.4,1,0]
[220,"2 x 14 W Fluorescent","220: 2 x 14 W Fluorescent",50.4,1,48.65]
[221,"2 x 24 W Fluorescent","221: 2 x 24 W Fluorescent",50.4,1,32.130000000000003]
[222,"1 x 42 W Fluorescent","222: 1 x 42 W Fluorescent",50.98,1,0]
[223,"1 x 42 W Fluorescent","223: 1 x 42 W Fluorescent",50.98,1,0]
[224,"Pole mounting bracket minor (<=3m)","224: Pole mounting bracket minor (<=3m)",9.9,1,0.36]
[225,"Pole mounting bracket major (>3m)","225: Pole mounting bracket major (>3m)",13.2,1,1.01]
[226,"Outreach Minor (<=2m)","226: Outreach Minor (<=2m)",12.56,1,0.16]
[227,"Outreach Major (>2m)","227: Outreach Major (>2m)",14.12,1,0.02]
[228,"Minor Column (<=9)","228: Minor Column (<=9)",23.22,1,63.44]
[229,"Major Column (>=9)","229: Major Column (>=9)",105.42,1,902.73]
[230,"Outreach Minor (<=2m)","230: Outreach Minor (<=2m)",12.56,1,0.16]
[231,"Minor Column (<=9)","231: Minor Column (<=9)",23.22,1,63.44]
[302,"1 x 20 W Fluorescent","302: 1 x 20 W Fluorescent",50.98,2]
[303,"1 x 40 W Fluorescent","303: 1 x 40 W Fluorescent",50.98,2]
[305,"1 x 40 W Fluorescent","305: 1 x 40 W Fluorescent",50.98,2]
[306,"2 x 40 W Fluorescent","306: 2 x 40 W Fluorescent",52.63,2]
[307,"50W Mercury","307: 50W Mercury",51.41,2]
[308,"50W Mercury","308: 50W Mercury",51.41,2]
[309,"80W Mercury","309: 80W Mercury",50.56,2]
[310,"80W Mercury","310: 80W Mercury",50.56,2]
[311,"80W Mercury","311: 80W Mercury",50.56,2]
[312,"80W Mercury","312: 80W Mercury",50.56,2]
[313,"80W Mercury","313: 80W Mercury",50.56,2]
[314,"80W Mercury","314: 80W Mercury",50.56,2]
[315,"80W Mercury","315: 80W Mercury",50.56,2]
[316,"125W Mercury","316: 125W Mercury",53.47,2]
[317,"125W Mercury","317: 125W Mercury",53.47,2]
[318,"125W Mercury","318: 125W Mercury",53.47,2]
[320,"250W Mercury","320: 250W Mercury",53.47,2]
[323,"250W Mercury",{"$f":"A130&\": \" &B130","v":"323: 250W Mercury"},53.47,2]
[326,"400 W Mercury","326: 400 W Mercury",53.47,2]
[330,"400 W Mercury","330: 400 W Mercury",53.47,2]
[332,"70W Sodium","332: 70W Sodium",52.13,2]
[335,"50W Sodium","335: 50W Sodium",53.34,2]
[336,"70W Sodium","336: 70W Sodium",52.13,2]
[337,"70W Sodium","337: 70W Sodium",52.13,2]
[338,"150W Sodium","338: 150W Sodium",52.07,2]
[339,"150W Sodium","339: 150W Sodium",52.07,1,0]
[340,"150W Sodium","340: 150W Sodium",52.07,1,0]
[341,"150W Sodium","341: 150W Sodium",52.07,1,0]
[343,"250W Sodium","343: 250W Sodium",54.97,2]
[344,"250W Sodium","344: 250W Sodium",54.97,2]
[345,"250W Sodium","345: 250W Sodium",54.97,2]
[346,"250W Sodium","346: 250W Sodium",54.97,2]
[347,"250W Sodium","347: 250W Sodium",54.97,2]
[348,"250W Sodium","348: 250W Sodium",54.97,2]
[349,"250W Sodium","349: 250W Sodium",54.97,2]
[350,"2 x 250W Sodium","350: 2 x 250W Sodium",60.6,2]
[352,"400 W Sodium","352: 400 W Sodium",52.75,2]
[353,"400 W Sodium","353: 400 W Sodium",52.75,2]
[354,"400 W Sodium","354: 400 W Sodium",52.75,2]
[355,"400 W Sodium","355: 400 W Sodium",52.75,2]
[356,"400 W Sodium","356: 400 W Sodium",52.75,2]
[357,"400 W Sodium","357: 400 W Sodium",52.75,2]
[358,"2 x 400 W Sodium","358: 2 x 400 W Sodium",56.16,2]
[360,"2 x 400 W Sodium","360: 2 x 400 W Sodium",56.16,2]
[361,"2 x 400 W Sodium","361: 2 x 400 W Sodium",56.16,2]
[365,"150 W Metal Halide","365: 150 W Metal Halide",56.23,2]
[366,"250 W Metal Halide","366: 250 W Metal Halide",55.4,2]
[380,"100W Sodium","380: 100W Sodium",53.34,2]
[381,"100W Sodium","381: 100W Sodium",53.34,2]
[396,"400 W Metal Halide","396: 400 W Metal Halide",54.97,2]
[398,"2 x 20 W Fluorescent","398: 2 x 20 W Fluorescent",50.98,1,0]
[400,"150 W Metal Halide","400: 150 W Metal Halide",56.23,2]
[401,"125W Mercury","401: 125W Mercury",53.47,2]
[402,"250 W Metal Halide","402: 250 W Metal Halide",55.4,2]
[403,"2 x 250 W Metal Halide","403: 2 x 250 W Metal Halide",61.48,2]
[404,"400 W Metal Halide","404: 400 W Metal Halide",54.97,2]
[405,"2 x 400 W Metal Halide","405: 2 x 400 W Metal Halide",60.61,2]
[410,"150 W Metal Halide","410: 150 W Metal Halide",56.23,2]
[411,"100 W Metal Halide","411: 100 W Metal Halide",59.4,2]
[412,"100 W Metal Halide","412: 100 W Metal Halide",59.4,2]
[413,"2 x 14 W Fluorescent","413: 2 x 14 W Fluorescent",50.4,2]
[414,"2 x 24 W Fluorescent","414: 2 x 24 W Fluorescent",50.4,2]
[415,"2 x 14 W Fluorescent","415: 2 x 14 W Fluorescent",50.4,2]
[416,"2 x 24 W Fluorescent","416: 2 x 24 W Fluorescent",50.4,2]
[421,"1 x 42 W Fluorescent","421: 1 x 42 W Fluorescent",50.98,2]
[422,"1 x 42 W Fluorescent","422: 1 x 42 W Fluorescent",50.98,2]
[423,"Outreach Minor (<=2m)","423: Outreach Minor (<=2m)",12.56,2]
[424,"Outreach Major (>2m)","424: Outreach Major (>2m)",14.12,2]
[425,"Minor Column (<=9)","425: Minor Column (<=9)",18.84,2]
[426,"Major Column (>=9)","426: Major Column (>=9)",30.44,2]
[427,"Pole mounting bracket minor (<=3m)","427: Pole mounting bracket minor (<=3m)",9.9,2]
[428,"Pole mounting bracket major (>3m)","428: Pole mounting bracket major (>3m)",13.2,2]
[431,"24W LED STREETLED3 STD Visor S-S","431: 24W LED STREETLED3 STD Visor S-S",71.08,3]
[432,"17W LED STREETLED3 Aeroscreen S-S","432: 17W LED STREETLED3 Aeroscreen S-S",68.55,3]
[433,"13W LED STREETLED3 STD Visor S-S","433: 13W LED STREETLED3 STD Visor S-S",68.13,3]
[434,"9W LED STREETLED Aeroscreen S-S","434: 9W LED STREETLED Aeroscreen S-S",68.13,3]
[435,"17W LED Post Top B2001 S-S","435: 17W LED Post Top B2001 S-S",103.56,3]
[436,"28W LED Post Top B2001 S-S","436: 28W LED Post Top B2001 S-S",106.52,3]
[437,"18W LED Bourke Hill S-S","437: 18W LED Bourke Hill S-S",115.42,3]
[438,"24W LED Bourke Hill S-S","438: 24W LED Bourke Hill S-S",117.53,3]
[439,"37W LED 4K ROADLED MIDI STD Visor S-S","439: 37W LED 4K ROADLED MIDI STD Visor S-S",93.3,3]
[440,"40W LED 3K ROADLED MIDI STD Visor S-S",{"$f":"A194&\": \" &B194","v":"440: 40W LED 3K ROADLED MIDI STD Visor S-S"},93.3,3]
[441,"36W LED 4K ROADLED MIDI Aeroscreen S-S","441: 36W LED 4K ROADLED MIDI Aeroscreen S-S",90.8,3]
[442,"39W LED 3K ROADLED MIDI Aeroscreen S-S","442: 39W LED 3K ROADLED MIDI Aeroscreen S-S",90.8,3]
[443,"55W LED 4K ROADLED MIDI STD Visor S-S","443: 55W LED 4K ROADLED MIDI STD Visor S-S",93.96,3]
[444,"61W LED 3K ROADLED MIDI STD Visor S-S","444: 61W LED 3K ROADLED MIDI STD Visor S-S",93.96,3]
[445,"57W LED 4K ROADLED MIDI Aeroscreen S-S","445: 57W LED 4K ROADLED MIDI Aeroscreen S-S",91.46,3]
[446,"63W LED 3K ROADLED MIDI Aerosreen S-S","446: 63W LED 3K ROADLED MIDI Aerosreen S-S",91.46,3]
[447,"113W LED ROADLED MIDI STD Visor S-S","447: 113W LED ROADLED MIDI STD Visor S-S",96.59,3]
[448,"120W LED 4K ROADLED MIDI Aeroscreen S-S","448: 120W LED 4K ROADLED MIDI Aeroscreen S-S",96.59,3]
[449,"121W LED 3K ROADLED MIDI Aeroscreen S-S","449: 121W LED 3K ROADLED MIDI Aeroscreen S-S",96.59,3]
[450,"275W LED ROADLED S-S","450: 275W LED ROADLED S-S",126.83,3]
[451,"254W LED 3K ROADLED MIDI STD Visor S-S","451: 254W LED 3K ROADLED MIDI STD Visor S-S",126.83,3]
[452,"230W LED Avento S-S","452: 230W LED Avento S-S",98.27,3]
[453,"205W LED 3K ROADLED MIDI Aeroscreen S-S","453: 205W LED 3K ROADLED MIDI Aeroscreen S-S",126.83,3]
[454,"30W LED ATS PLED MKII","454: 30W LED ATS PLED MKII",73.19,3]
[455,"20W LED ATS PLED MKII","455: 20W LED ATS PLED MKII",67.72,3]
[456,"13W LED ATS PLED MKII","456: 13W LED ATS PLED MKII",66.430000000000007,3]
[457,"74W LED ATS VLED","457: 74W LED ATS VLED",83.76,3]
[458,"155W LED ATS VLED","458: 155W LED ATS VLED",89.68,3]
[459,"290W LED ATS VLED","459: 290W LED ATS VLED",106.32,3]
[551,"2x14W Energy Efficient Fluro - STD","551: 2x14W Energy Efficient Fluro - STD",91.32,3]
[552,"2x24W Energy Efficient Fluro - STD","552: 2x24W Energy Efficient Fluro - STD",94.66,3]
[553,"1x42W Compact Fluorescent - STD","553: 1x42W Compact Fluorescent - STD",86.46,3]
[554,"50W Mercury - STANDARD","554: 50W Mercury - STANDARD",82.34,3]
[555,"80W Mercury - STANDARD","555: 80W Mercury - STANDARD",85.07,3]
[556,"70W Sodium - STANDARD","556: 70W Sodium - STANDARD",87.02,3]
[557,"100W Sodium - STANDARD","557: 100W Sodium - STANDARD",95.89,3]
[558,"100W Metal Halide - STANDARD","558: 100W Metal Halide - STANDARD",103.76,3]
[559,"150W Sodium - STANDARD","559: 150W Sodium - STANDARD",102.91,3]
[560,"150W Metal Halide - STANDARD","560: 150W Metal Halide - STANDARD",108.29,3]
[561,"250W Sodium - STANDARD","561: 250W Sodium - STANDARD",108.18,3]
[562,"250W Metal Halide - STANDARD","562: 250W Metal Halide - STANDARD",108.75,3]
[563,"400W Sodium - STANDARD","563: 400W Sodium - STANDARD",113.34,3]
[564,"80W Mercury - AEROSCREEN","564: 80W Mercury - AEROSCREEN",93.53,3]
[565,"150W Sodium - AEROSCREEN","565: 150W Sodium - AEROSCREEN",107.33,3]
[566,"150W Metal Halide - AEROSCREEN","566: 150W Metal Halide - AEROSCREEN",112.72,3]
[567,"25W LED P4 Gerard","567: 25W LED P4 Gerard",74.38,3]
[568,"250W Sodium (w/o PECB) - AEROSCREEN","568: 250W Sodium (w/o PECB) - AEROSCREEN",110.08,3]
[569,"250W Metal Halide - AEROSCREEN","569: 250W Metal Halide - AEROSCREEN",110.64,3]
[570,"400W Sodium - AEROSCREEN","570: 400W Sodium - AEROSCREEN",112.12,3]
[571,"400W Metal Halide - AEROSCREEN","571: 400W Metal Halide - AEROSCREEN",115.01,3]
[572,"80W Mercury - POST TOP","572: 80W Mercury - POST TOP",112.93,3]
[573,"250W Sodium - FLOODLIGHT","573: 250W Sodium - FLOODLIGHT",121.69,3]
[574,"250W Metal Halide - FLOODLIGHT","574: 250W Metal Halide - FLOODLIGHT",122.26,3]
[575,"400W Sodium - FLOODLIGHT","575: 400W Sodium - FLOODLIGHT",121.29,3]
[576,"400W Metal Halide - FLOODLIGHT","576: 400W Metal Halide - FLOODLIGHT",124.18,3]
[577,"Suburban 70W HPS c/w D2 PECB - STD","577: Suburban 70W HPS c/w D2 PECB - STD",87.02,3]
[578,"Urban A/Screen 42W CFL c/w D2 PECB","578: Urban A/Screen 42W CFL c/w D2 PECB",95.81,3]
[579,"Roadster A/Screen 100W HPS c/w PECB","579: Roadster A/Screen 100W HPS c/w PECB",105.7,3]
[580,"B2001 42WCFL c/w D2 PECB green - PT","580: B2001 42WCFL c/w D2 PECB green - PT",118.82,3]
[581,"150W Sodium - FLOODLIGHT","581: 150W Sodium - FLOODLIGHT",117.4,3]
[582,"150W Metal Halide - FLOODLIGHT","582: 150W Metal Halide - FLOODLIGHT",122.79,3]
[583,"1x42W Compact Fluorescent - STD","583: 1x42W Compact Fluorescent - STD",86.46,3]
[584,"250W Sodium - STANDARD","584: 250W Sodium - STANDARD",108.18,3]
[585,"18W LED P4 Gerard","585: 18W LED P4 Gerard",74.38,3]
[586,"42W LED P3 Gerard","586: 42W LED P3 Gerard",82.87,3]
[587,"33W LED P4 Pecan","587: 33W LED P4 Pecan",74.63,3]
[588,"25W LED P4 GE","588: 25W LED P4 GE",74.38,3]
[589,"17W LED Cat P Luminaire","589: 17W LED Cat P Luminaire",68.77,3]
[590,"Bracket - Minor <=3m","590: Bracket - Minor <=3m",22.38,3]
[591,"Bracket - Major >3m","591: Bracket - Major >3m",70.53,3]
[595,"Pole (Wood) - Minor - DEDICATED SL <=11m","595: Pole (Wood) - Minor - DEDICATED SL <=11m",179.64,3]
[596,"Pole (Wood) - Major - DEDICATED SL >11m","596: Pole (Wood) - Major - DEDICATED SL >11m",271.08,3]
[597,"Pole (Wood) - Minor   <=11m","597: Pole (Wood) - Minor   <=11m",0,3]
[598,"Pole (Wood) - Major  >11m",{"$f":"A258&\": \" &B258","v":"598: Pole (Wood) - Major  >11m"},0,3]
[599,"Smart Node NBIOT - Minor Rd","599: Smart Node NBIOT - Minor Rd",83.64407527828152,3]
[600,"Smart Node NBIOT - Major Rd","600: Smart Node NBIOT - Major Rd",90.419611184941587,3]
[601,"Column (Aluminium) - Minor <=9m","601: Column (Aluminium) - Minor <=9m",430.45866360899646,3]
[602,"Column (Aluminium) - Major >9m","602: Column (Aluminium) - Major >9m",573.43148536624176,3]
[650,"82W LED Gerard V5 Cat Luminaire","650: 82W LED Gerard V5 Cat Luminaire",109.33,3]
[651,"100W LED Gerard V4 Cat Luminaire","651: 100W LED Gerard V4 Cat Luminaire",109.33,3]
[652,"198W LED Gerard V2/V3 Cat Luminaire","652: 198W LED Gerard V2/V3 Cat Luminaire",121.49,3]
[653,"33W LED P3 Gerard","653: 33W LED P3 Gerard",78.180000000000007,3]
[655,"75W LED Aglo Nilum Plus FLOODLIGHT","655: 75W LED Aglo Nilum Plus FLOODLIGHT",92.71,3]
[656,"100W LED Aglo Nilum Plus FLOODLIGHT","656: 100W LED Aglo Nilum Plus FLOODLIGHT",95.04,3]
[657,"150W LED Aglo Nilum Plus FLOODLIGHT","657: 150W LED Aglo Nilum Plus FLOODLIGHT",102.19,3]
[658,"300W LED Aglo Nilum Plus FLOODLIGHT","658: 300W LED Aglo Nilum Plus FLOODLIGHT",131.32,3]
[659,"60W LED RoadLED Midi Optic Tuner","659: 60W LED RoadLED Midi Optic Tuner",99.04,3]
[660,"80W LED RoadLED Midi Optic Tuner","660: 80W LED RoadLED Midi Optic Tuner",106.35,3]
[661,"70W LED RoadLED Midi","661: 70W LED RoadLED Midi",90.8,3]
[662,"80W LED RoadLED Midi","662: 80W LED RoadLED Midi",91.46,3]
[664,"165W LED RoadLED Midi","664: 165W LED RoadLED Midi",94.09,3]
[665,"17W LED B2001 NUWE Post Top","665: 17W LED B2001 NUWE Post Top",105.28,3]
[667,"150W LED SLED Maximus Pedestrian","667: 150W LED SLED Maximus Pedestrian",111.25,3]
[668,"175W LED SLED Maximus Pedestrian","668: 175W LED SLED Maximus Pedestrian",121.75,3]
[669,"150W LED 4K FLX ATS FloodX ","669: 150W LED 4K FLX ATS FloodX ",98.274845539365387,3]
[670,"150W LED 3K FLX ATS FloodX ","670: 150W LED 3K FLX ATS FloodX ",98.274845539365387,3]
[671,"250W LED 4K FLX ATS FloodX ","671: 250W LED 4K FLX ATS FloodX ",112.65990017467104,3]
[672,"250W LED 3K FLX ATS FloodX ","672: 250W LED 3K FLX ATS FloodX ",112.65990017467104,3]
[673,"80W Bourke Hill 3K FTB","673: 80W Bourke Hill 3K FTB",139.384629743164,3]
[674,"150W PVILLE 3K FTB","674: 150W PVILLE 3K FTB",173.02027219924625,3]
[675,"14W Bourke Hill Ave 3K Side Entry","675: 14W Bourke Hill Ave 3K Side Entry",136.69462452636182,3]
[676,"14W Bourke Hill Ave 3K Top Entry","676: 14W Bourke Hill Ave 3K Top Entry",134.50640386242648,3]
[690,"Outreach - Minor <=2m","690: Outreach - Minor <=2m",26.85,3]
[691,"Outreach - Major >2m","691: Outreach - Major >2m",45.22,3]
[692,"Outreach Aluminium - Minor <=3m","692: Outreach Aluminium - Minor <=3m",72.256248899687122,3]
[693,"Outreach Aluminium - Major >3m","693: Outreach Aluminium - Major >3m",92.482417411947708,3]
[695,"Column (Steel) - Minor <=9m","695: Column (Steel) - Minor <=9m",188.66,3]
[696,"Column (Steel) - Major >9m","696: Column (Steel) - Major >9m",289.2,3]
[755,"24W LED STREETLED3 STD Visor S-S","755: 24W LED STREETLED3 STD Visor S-S",35.520000000000003,4]
[756,"17W LED STREETLED3 Aeroscreen S-S","756: 17W LED STREETLED3 Aeroscreen S-S",35.520000000000003,4]
[757,"13W LED STREETLED3 STD Visor S-S","757: 13W LED STREETLED3 STD Visor S-S",35.520000000000003,4]
[758,"9W LED STREETLED Aeroscreen S-S","758: 9W LED STREETLED Aeroscreen S-S",35.520000000000003,4]
[759,"17W LED Post Top B2001 S-S","759: 17W LED Post Top B2001 S-S",35.520000000000003,4]
[760,"28W LED Post Top B2001 S-S","760: 28W LED Post Top B2001 S-S",35.520000000000003,4]
[761,"18W LED Bourke Hill S-S","761: 18W LED Bourke Hill S-S",35.520000000000003,4]
[762,"24W LED Bourke Hill S-S","762: 24W LED Bourke Hill S-S",35.520000000000003,4]
[763,"37W LED 4K ROADLED MIDI STD Visor S-S","763: 37W LED 4K ROADLED MIDI STD Visor S-S",40.21,4]
[764,"40W LED 3K ROADLED MIDI STD Visor S-S","764: 40W LED 3K ROADLED MIDI STD Visor S-S",40.21,4]
[765,"36W LED 4K ROADLED MIDI Aeroscreen S-S","765: 36W LED 4K ROADLED MIDI Aeroscreen S-S",40.21,4]
[766,"39W LED 3K ROADLED MIDI Aeroscreen S-S","766: 39W LED 3K ROADLED MIDI Aeroscreen S-S",40.21,4]
[767,"55W LED 4K ROADLED MIDI STD Visor S-S","767: 55W LED 4K ROADLED MIDI STD Visor S-S",40.21,4]
[768,"61W LED 3K ROADLED MIDI STD Visor S-S","768: 61W LED 3K ROADLED MIDI STD Visor S-S",40.21,4]
[769,"57W LED 4K ROADLED MIDI Aeroscreen S-S","769: 57W LED 4K ROADLED MIDI Aeroscreen S-S",40.21,4]
[770,"63W LED 3K ROADLED MIDI Aerosreen S-S","770: 63W LED 3K ROADLED MIDI Aerosreen S-S",40.21,4]
[771,"113W LED ROADLED MIDI STD Visor S-S","771: 113W LED ROADLED MIDI STD Visor S-S",40.21,4]
[772,"120W LED 4K ROADLED MIDI Aeroscreen S-S","772: 120W LED 4K ROADLED MIDI Aeroscreen S-S",40.21,4]
[773,"121W LED 3K ROADLED MIDI Aeroscreen S-S","773: 121W LED 3K ROADLED MIDI Aeroscreen S-S",40.21,4]
[774,"275W LED ROADLED S-S","774: 275W LED ROADLED S-S",40.21,4]
[775,"254W LED 3K ROADLED MIDI STD Visor S-S","775: 254W LED 3K ROADLED MIDI STD Visor S-S",40.21,4]
[776,"230W LED Avento S-S","776: 230W LED Avento S-S",40.21,4]
[777,"205W LED 3K ROADLED MIDI Aeroscreen S-S","777: 205W LED 3K ROADLED MIDI Aeroscreen S-S",40.21,4]
[778,"30W LED ATS PLED MKII","778: 30W LED ATS PLED MKII",35.520000000000003,4]
[779,"20W LED ATS PLED MKII","779: 20W LED ATS PLED MKII",35.520000000000003,4]
[780,"13W LED ATS PLED MKII","780: 13W LED ATS PLED MKII",35.520000000000003,4]
[781,"74W LED ATS VLED","781: 74W LED ATS VLED",40.21,4]
[782,"155W LED ATS VLED","782: 155W LED ATS VLED",40.21,4]
[783,"290W LED ATS VLED","783: 290W LED ATS VLED",40.21,4]
[851,"2x14W Energy Efficient Fluro - STD",{"$f":"A322&\": \" &B322","v":"851: 2x14W Energy Efficient Fluro - STD"},50.4,4]
[852,"2x24W Energy Efficient Fluro - STD","852: 2x24W Energy Efficient Fluro - STD",50.4,4]
[853,"1x42W Compact Fluorescent - STD","853: 1x42W Compact Fluorescent - STD",50.98,4]
[854,"50W Mercury - STANDARD","854: 50W Mercury - STANDARD",51.41,4]
[855,"80W Mercury - STANDARD","855: 80W Mercury - STANDARD",50.56,4]
[856,"70W Sodium - STANDARD","856: 70W Sodium - STANDARD",52.13,4]
[857,"100W Sodium - STANDARD","857: 100W Sodium - STANDARD",53.34,4]
[858,"100W Metal Halide - STANDARD","858: 100W Metal Halide - STANDARD",0,4]
[859,"150W Sodium - STANDARD","859: 150W Sodium - STANDARD",59.39,4]
[860,"150W Metal Halide - STANDARD","860: 150W Metal Halide - STANDARD",63.53,4]
[861,"250W Sodium - STANDARD","861: 250W Sodium - STANDARD",62.27,4]
[862,"250W Metal Halide - STANDARD","862: 250W Metal Halide - STANDARD",62.71,4]
[863,"400W Sodium - STANDARD","863: 400W Sodium - STANDARD",60.06,4]
[864,"80W Mercury - AEROSCREEN","864: 80W Mercury - AEROSCREEN",59.02,4]
[865,"150W Sodium - AEROSCREEN","865: 150W Sodium - AEROSCREEN",59.39,4]
[866,"150W Metal Halide - AEROSCREEN","866: 150W Metal Halide - AEROSCREEN",63.53,4]
[867,"25W LED P4 Gerard","867: 25W LED P4 Gerard",35.520000000000003,4]
[868,"250W Sodium (w/o PECB) - AEROSCREEN","868: 250W Sodium (w/o PECB) - AEROSCREEN",62.27,4]
[869,"250W Metal Halide - AEROSCREEN","869: 250W Metal Halide - AEROSCREEN",62.71,4]
[870,"400W Sodium - AEROSCREEN","870: 400W Sodium - AEROSCREEN",60.06,4]
[871,"400W Metal Halide - AEROSCREEN","871: 400W Metal Halide - AEROSCREEN",62.28,4]
[872,"80W Mercury - POST TOP","872: 80W Mercury - POST TOP",50.56,4]
[873,"250W Sodium - FLOODLIGHT","873: 250W Sodium - FLOODLIGHT",54.97,4]
[874,"250W Metal Halide - FLOODLIGHT","874: 250W Metal Halide - FLOODLIGHT",55.4,4]
[875,"400W Sodium - FLOODLIGHT","875: 400W Sodium - FLOODLIGHT",52.75,4]
[876,"400W Metal Halide - FLOODLIGHT","876: 400W Metal Halide - FLOODLIGHT",54.97,4]
[877,"Suburban 70W HPS c/w D2 PECB - STD","877: Suburban 70W HPS c/w D2 PECB - STD",52.13,4]
[878,"Urban A/Screen 42W CFL c/w D2 PECB","878: Urban A/Screen 42W CFL c/w D2 PECB",50.98,4]
[879,"Roadster A/Screen 100W HPS c/w PECB","879: Roadster A/Screen 100W HPS c/w PECB",60.66,4]
[880,"B2001 42WCFL c/w D2 PECB green - PT","880: B2001 42WCFL c/w D2 PECB green - PT",50.98,4]
[881,"150W Sodium - FLOODLIGHT","881: 150W Sodium - FLOODLIGHT",52.07,4]
[882,"150W Metal Halide - FLOODLIGHT","882: 150W Metal Halide - FLOODLIGHT",56.23,4]
[883,"1x42W Compact Fluorescent - STD","883: 1x42W Compact Fluorescent - STD",50.98,4]
[884,"250W Sodium - STANDARD","884: 250W Sodium - STANDARD",62.27,4]
[885,"18W LED P4 Gerard","885: 18W LED P4 Gerard",35.520000000000003,4]
[886,"42W LED P3 Gerard","886: 42W LED P3 Gerard",40.21,4]
[887,"33W LED P4 Pecan","887: 33W LED P4 Pecan",35.520000000000003,4]
[888,"25W LED P4 Gerard","888: 25W LED P4 Gerard",35.520000000000003,4]
[889,"17W LED Cat P Luminaire","889: 17W LED Cat P Luminaire",35.520000000000003,4]
[890,"Bracket - Minor <=3m","890: Bracket - Minor <=3m",9.9,4]
[891,"Bracket - Major >3m","891: Bracket - Major >3m",13.2,4]
[895,"Pole (Wood) - Minor - DEDICATED SL <=11m","895: Pole (Wood) - Minor - DEDICATED SL <=11m",23.1,4]
[896,"Pole (Wood) - Major - DEDICATED SL >11m","896: Pole (Wood) - Major - DEDICATED SL >11m",33.46,4]
[899,"Smart Node NBIOT - Minor Rd","899: Smart Node NBIOT - Minor Rd",26.556994746186714,4]
[900,"Smart Node NBIOT - Major Rd","900: Smart Node NBIOT - Major Rd",28.742466835604255,4]
[901,"Column (Aluminium) - Minor <=9m","901: Column (Aluminium) - Minor <=9m",19.089437284498569,4]
[902,"Column (Aluminium) - Major >9m","902: Column (Aluminium) - Major >9m",29.202814908202527,4]
[950,"82W LED Gerard V5 Cat Luminaire","950: 82W LED Gerard V5 Cat Luminaire",40.21,4]
[951,"100W LED Gerard V4 Cat Luminaire","951: 100W LED Gerard V4 Cat Luminaire",40.21,4]
[952,"198W LED Gerard V2/V3 Cat Luminaire","952: 198W LED Gerard V2/V3 Cat Luminaire",40.21,4]
[953,"33W LED P3 Gerard","953: 33W LED P3 Gerard",35.520000000000003,4]
[955,"75W LED Aglo Nilum Plus FLOODLIGHT","955: 75W LED Aglo Nilum Plus FLOODLIGHT",35.520000000000003,4]
[956,"100W LED Aglo Nilum Plus FLOODLIGHT","956: 100W LED Aglo Nilum Plus FLOODLIGHT",35.520000000000003,4]
[957,"150W LED Aglo Nilum Plus FLOODLIGHT","957: 150W LED Aglo Nilum Plus FLOODLIGHT",35.520000000000003,4]
[958,"300W LED Aglo Nilum Plus FLOODLIGHT","958: 300W LED Aglo Nilum Plus FLOODLIGHT",35.520000000000003,4]
[959,"60W LED RoadLED Midi Optic Tuner","959: 60W LED RoadLED Midi Optic Tuner",40.21,4]
[960,"80W LED RoadLED Midi Optic Tuner","960: 80W LED RoadLED Midi Optic Tuner",40.21,4]
[961,"70W LED RoadLED Midi","961: 70W LED RoadLED Midi",40.21,4]
[962,"80W LED RoadLED Midi","962: 80W LED RoadLED Midi",40.21,4]
[964,"165W LED RoadLED Midi","964: 165W LED RoadLED Midi",40.21,4]
[965,"17W LED B2001 NUWE Post Top","965: 17W LED B2001 NUWE Post Top",35.520000000000003,4]
[967,"150W LED SLED Maximus Pedestrian","967: 150W LED SLED Maximus Pedestrian",35.520000000000003,4]
[968,"175W LED SLED Maximus Pedestrian","968: 175W LED SLED Maximus Pedestrian",35.520000000000003,4]
[969,"150W LED 4K FLX ATS FloodX ","969: 150W LED 4K FLX ATS FloodX ",41.278666879382385,4]
[970,"150W LED 3K FLX ATS FloodX ",{"$f":"A386&\": \" &B386","v":"970: 150W LED 3K FLX ATS FloodX "},41.278666879382385,4]
[971,"250W LED 4K FLX ATS FloodX ","971: 250W LED 4K FLX ATS FloodX ",41.278666879382385,4]
[972,"250W LED 3K FLX ATS FloodX ","972: 250W LED 3K FLX ATS FloodX ",41.278666879382385,4]
[973,"80W Bourke Hill 3K FTB","973: 80W Bourke Hill 3K FTB",41.278666879382385,4]
[974,"150W PVILLE 3K FTB","974: 150W PVILLE 3K FTB",41.278666879382385,4]
[975,"14W Bourke Hill Ave 3K Side Entry","975: 14W Bourke Hill Ave 3K Side Entry",41.278666879382385,4]
[976,"14W Bourke Hill Ave 3K Top Entry","976: 14W Bourke Hill Ave 3K Top Entry",41.278666879382385,4]
[990,"Outreach - Minor <=2m","990: Outreach - Minor <=2m",12.56,4]
[991,"Outreach - Major >2m","991: Outreach - Major >2m",14.12,4]
[992,"Outreach Aluminium - Minor <=3m","992: Outreach Aluminium - Minor <=3m",12.726291522999055,4]
[993,"Outreach Aluminium - Major >3m","993: Outreach Aluminium - Major >3m",16.941789861059259,4]
[995,"Column (Steel) - Minor <=9m","995: Column (Steel) - Minor <=9m",18.84,4]
[996,"Column (Steel) - Major >9m","996: Column (Steel) - Major >9m",24.35,4]

{"sheet":"temp6","index":9,"n_rows":31,"n_cols":4,"rows_kept":31,"cut":false,"hidden":true,"merged":[]}
[716,"2x14W Energy Efficient Fluro - STD",57.39,6]
[717,"2x24W Energy Efficient Fluro - STD",57.39,6]
[718,"1x42W Compact Fluorescent - STD",59.53,6]
[725,"50W Mercury - STANDARD",61.05,6]
[710,"80W Mercury - STANDARD",57.98,6]
[726,"70W Sodium - STANDARD",63.69,6]
[727,"100W Sodium - STANDARD",68.14,6]
[728,"100W Metal Halide - STANDARD",90.19,6]
[729,"150W Sodium - STANDARD",63.5,6]
[721,"150W Metal Halide - STANDARD",78.64,6]
[720,"250W Sodium - STANDARD",74.040000000000006,6]
[722,"250W Metal Halide - STANDARD",75.63,6]
[731,"400W Sodium - STANDARD",65.97,6]
[732,"80W Mercury - AEROSCREEN",88.79,6]
[733,"150W Sodium - AEROSCREEN",63.5,6]
[734,"150W Metal Halide - AEROSCREEN",78.64,6]
[735,"250W Sodium (w/o PECB) - AEROSCREEN",74.040000000000006,6]
[736,"250W Metal Halide - AEROSCREEN",75.63,6]
[737,"400W Sodium - AEROSCREEN",65.97,6]
[715,"400W Metal Halide - AEROSCREEN",74.069999999999993,6]
[738,"80W Mercury - POST TOP",57.98,6]
[739,"250W Sodium - FLOODLIGHT",74.040000000000006,6]
[740,"250W Metal Halide - FLOODLIGHT",75.63,6]
[741,"400W Sodium - FLOODLIGHT",65.97,6]
[742,"400W Metal Halide - FLOODLIGHT",74.069999999999993,6]
[795,"Column (Steel) - Minor <=9m",22.09,6]
[796,"Column (Steel) - Major >9m",22.09,6]
[790,"Outreach - Minor (<2m)       ",0,6]
[791,"Outreach - Major (>2m)",0,6]
[792,"Bracket - Minor (<3m)",0,6]
[793,"Bracket - Major (>3m)",0,6]